CRAN Package Check Results for Package ctrdata

Last updated on 2021-04-12 02:47:38 CEST.

Flavor Version Tinstall Tcheck Ttotal Status Flags
r-devel-linux-x86_64-debian-clang 1.5.2 6.02 54.33 60.35 OK
r-devel-linux-x86_64-debian-gcc 1.5.2 5.04 40.22 45.26 OK
r-devel-linux-x86_64-fedora-clang 1.5.2 86.85 OK
r-devel-linux-x86_64-fedora-gcc 1.5.2 74.19 OK
r-devel-windows-ix86+x86_64 1.5.1 21.00 106.00 127.00 NOTE
r-devel-windows-x86_64-gcc10-UCRT 1.5.2 OK
r-patched-linux-x86_64 1.5.2 5.37 49.70 55.07 OK
r-patched-solaris-x86 1.5.2 102.30 OK
r-release-linux-x86_64 1.5.2 6.13 49.47 55.60 OK
r-release-macos-x86_64 1.5.2 OK
r-release-windows-ix86+x86_64 1.5.2 17.00 90.00 107.00 OK
r-oldrel-macos-x86_64 1.5.2 OK
r-oldrel-windows-ix86+x86_64 1.5.2 19.00 105.00 124.00 OK

Check Details

Version: 1.5.1
Check: LazyData
Result: NOTE
     'LazyData' is specified without a 'data' directory
Flavor: r-devel-windows-ix86+x86_64