Last updated on 2023-06-05 07:52:50 CEST.
Flavor | Version | Tinstall | Tcheck | Ttotal | Status | Flags |
---|---|---|---|---|---|---|
r-devel-linux-x86_64-debian-clang | 0.2.5 | 15.35 | 119.73 | 135.08 | OK | |
r-devel-linux-x86_64-debian-gcc | 0.2.5 | 12.91 | 92.35 | 105.26 | OK | |
r-devel-linux-x86_64-fedora-clang | 0.2.5 | 166.08 | NOTE | |||
r-devel-linux-x86_64-fedora-gcc | 0.2.5 | 170.75 | NOTE | |||
r-devel-windows-x86_64 | 0.2.5 | 13.00 | 100.00 | 113.00 | OK | |
r-patched-linux-x86_64 | 0.2.5 | 14.28 | 111.75 | 126.03 | OK | |
r-release-linux-x86_64 | 0.2.5 | 15.56 | 113.08 | 128.64 | OK | |
r-release-macos-arm64 | 0.2.5 | 55.00 | OK | |||
r-release-macos-x86_64 | 0.2.5 | 93.00 | OK | |||
r-release-windows-x86_64 | 0.2.5 | 21.00 | 128.00 | 149.00 | OK | |
r-oldrel-macos-arm64 | 0.2.5 | 64.00 | NOTE | |||
r-oldrel-macos-x86_64 | 0.2.5 | 87.00 | NOTE | |||
r-oldrel-windows-x86_64 | 0.2.5 | 20.00 | 136.00 | 156.00 | OK |
Version: 0.2.5
Check: data for non-ASCII characters
Result: NOTE
Note: found 1350 marked UTF-8 strings
Flavors: r-devel-linux-x86_64-fedora-clang, r-devel-linux-x86_64-fedora-gcc, r-oldrel-macos-arm64, r-oldrel-macos-x86_64