Last updated on 2022-06-25 01:48:57 CEST.
Flavor | Version | Tinstall | Tcheck | Ttotal | Status | Flags |
---|---|---|---|---|---|---|
r-devel-linux-x86_64-debian-clang | 0.2.5 | 16.87 | 120.50 | 137.37 | OK | |
r-devel-linux-x86_64-debian-gcc | 0.2.5 | 12.98 | 92.14 | 105.12 | OK | |
r-devel-linux-x86_64-fedora-clang | 0.2.5 | 180.47 | NOTE | |||
r-devel-linux-x86_64-fedora-gcc | 0.2.5 | 168.29 | NOTE | |||
r-devel-windows-x86_64 | 0.2.5 | 35.00 | 147.00 | 182.00 | OK | |
r-patched-linux-x86_64 | 0.2.5 | 14.98 | 114.96 | 129.94 | OK | |
r-release-linux-x86_64 | 0.2.5 | 12.32 | 116.54 | 128.86 | OK | |
r-release-macos-arm64 | 0.2.5 | 64.00 | NOTE | |||
r-release-macos-x86_64 | 0.2.5 | 87.00 | NOTE | |||
r-release-windows-x86_64 | 0.2.5 | 37.00 | 143.00 | 180.00 | OK | |
r-oldrel-macos-arm64 | 0.2.5 | 65.00 | NOTE | |||
r-oldrel-macos-x86_64 | 0.2.5 | 70.00 | NOTE | |||
r-oldrel-windows-ix86+x86_64 | 0.2.5 | 30.00 | 148.00 | 178.00 | OK |
Version: 0.2.5
Check: data for non-ASCII characters
Result: NOTE
Note: found 1350 marked UTF-8 strings
Flavors: r-devel-linux-x86_64-fedora-clang, r-devel-linux-x86_64-fedora-gcc, r-release-macos-arm64, r-release-macos-x86_64, r-oldrel-macos-arm64, r-oldrel-macos-x86_64