Last updated on 2023-09-25 08:02:25 CEST.
Flavor | Version | Tinstall | Tcheck | Ttotal | Status | Flags |
---|---|---|---|---|---|---|
r-devel-linux-x86_64-debian-clang | 1.0.4 | 0.59 | 2.00 | 2.59 | ERROR | |
r-devel-linux-x86_64-debian-gcc | 1.0.4 | 33.17 | 602.76 | 635.93 | OK | |
r-devel-linux-x86_64-fedora-clang | 1.0.4 | 1006.73 | OK | |||
r-devel-linux-x86_64-fedora-gcc | 1.0.4 | 871.38 | OK | |||
r-devel-windows-x86_64 | 1.0.4 | 36.00 | 257.00 | 293.00 | OK | --no-vignettes |
r-patched-linux-x86_64 | 1.0.4 | 0.38 | 1.93 | 2.31 | ERROR | |
r-release-linux-x86_64 | 1.0.4 | 0.40 | 1.94 | 2.34 | ERROR | |
r-release-macos-arm64 | 1.0.4 | 252.00 | OK | |||
r-release-macos-x86_64 | 1.0.4 | 384.00 | OK | |||
r-release-windows-x86_64 | 1.0.4 | 44.00 | 320.00 | 364.00 | OK | --no-vignettes |
r-oldrel-macos-arm64 | 1.0.4 | 269.00 | OK | |||
r-oldrel-macos-x86_64 | 1.0.4 | 392.00 | OK | |||
r-oldrel-windows-x86_64 | 1.0.4 | 50.00 | 349.00 | 399.00 | OK | --no-vignettes |
Version: 1.0.4
Check: package dependencies
Result: ERROR
Package required but not available: ‘ctsem’
See section ‘The DESCRIPTION file’ in the ‘Writing R Extensions’
manual.
Flavors: r-devel-linux-x86_64-debian-clang, r-patched-linux-x86_64, r-release-linux-x86_64