CRAN Package Check Results for Package cubature

Last updated on 2022-12-02 00:52:14 CET.

Flavor Version Tinstall Tcheck Ttotal Status Flags
r-devel-linux-x86_64-debian-clang 2.0.4.5 75.60 232.89 308.49 WARN
r-devel-linux-x86_64-debian-gcc 2.0.4.5 62.31 156.09 218.40 WARN
r-devel-linux-x86_64-fedora-clang 2.0.4.5 401.44 WARN
r-devel-linux-x86_64-fedora-gcc 2.0.4.5 413.21 WARN
r-devel-windows-x86_64 2.0.4.5 81.00 253.00 334.00 NOTE
r-patched-linux-x86_64 2.0.4.5 68.75 220.80 289.55 NOTE
r-release-linux-x86_64 2.0.4.5 62.97 215.56 278.53 NOTE
r-release-macos-arm64 2.0.4.5 97.00 NOTE
r-release-macos-x86_64 2.0.4.5 199.00 NOTE
r-release-windows-x86_64 2.0.4.5 72.00 263.00 335.00 NOTE
r-oldrel-macos-arm64 2.0.4.5 97.00 NOTE
r-oldrel-macos-x86_64 2.0.4.5 204.00 NOTE
r-oldrel-windows-ix86+x86_64 2.0.4.5 97.00 310.00 407.00 NOTE

Check Details

Version: 2.0.4.5
Check: whether package can be installed
Result: WARN
    Found the following significant warnings:
     ../inst/include/cuba.h:75:24: warning: a function declaration without a prototype is deprecated in all versions of C [-Wstrict-prototypes]
     ../inst/include/cuba.h:76:24: warning: a function declaration without a prototype is deprecated in all versions of C [-Wstrict-prototypes]
Flavors: r-devel-linux-x86_64-debian-clang, r-devel-linux-x86_64-fedora-clang

Version: 2.0.4.5
Check: for GNU extensions in Makefiles
Result: NOTE
    GNU make is a SystemRequirements.
Flavors: r-devel-linux-x86_64-debian-clang, r-devel-linux-x86_64-debian-gcc, r-devel-linux-x86_64-fedora-clang, r-devel-linux-x86_64-fedora-gcc, r-devel-windows-x86_64, r-patched-linux-x86_64, r-release-linux-x86_64, r-release-macos-arm64, r-release-macos-x86_64, r-release-windows-x86_64, r-oldrel-macos-arm64, r-oldrel-macos-x86_64, r-oldrel-windows-ix86+x86_64

Version: 2.0.4.5
Check: whether package can be installed
Result: WARN
    Found the following significant warnings:
     ../inst/include/cuba.h:75:1: warning: function declaration isn’t a prototype [-Wstrict-prototypes]
     ../inst/include/cuba.h:76:1: warning: function declaration isn’t a prototype [-Wstrict-prototypes]
Flavors: r-devel-linux-x86_64-debian-gcc, r-devel-linux-x86_64-fedora-gcc

Version: 2.0.4.5
Check: installed package size
Result: NOTE
     installed size is 6.9Mb
     sub-directories of 1Mb or more:
     doc 1.3Mb
     libs 5.5Mb
Flavor: r-oldrel-windows-ix86+x86_64