CRAN Package Check Results for Package cubature

Last updated on 2020-08-06 02:09:19 CEST.

Flavor Version Tinstall Tcheck Ttotal Status Flags
r-devel-linux-x86_64-debian-clang 2.0.4.1 67.73 231.49 299.22 NOTE
r-devel-linux-x86_64-debian-gcc 2.0.4.1 49.67 149.04 198.71 NOTE
r-devel-linux-x86_64-fedora-clang 2.0.4.1 362.34 NOTE
r-devel-linux-x86_64-fedora-gcc 2.0.4.1 354.90 NOTE
r-devel-windows-ix86+x86_64 2.0.4.1 106.00 252.00 358.00 WARN
r-patched-linux-x86_64 2.0.4.1 58.45 219.64 278.09 NOTE
r-patched-solaris-x86 2.0.4.1 339.60 NOTE
r-release-linux-x86_64 2.0.4.1 58.17 215.49 273.66 NOTE
r-release-macos-x86_64 2.0.4.1 WARN
r-release-windows-ix86+x86_64 2.0.4.1 104.00 342.00 446.00 WARN
r-oldrel-macos-x86_64 2.0.4.1 NOTE
r-oldrel-windows-ix86+x86_64 2.0.4.1 92.00 294.00 386.00 NOTE

Check Details

Version: 2.0.4.1
Check: for GNU extensions in Makefiles
Result: NOTE
    GNU make is a SystemRequirements.
Flavors: r-devel-linux-x86_64-debian-clang, r-devel-linux-x86_64-debian-gcc, r-devel-linux-x86_64-fedora-clang, r-devel-linux-x86_64-fedora-gcc, r-devel-windows-ix86+x86_64, r-patched-linux-x86_64, r-patched-solaris-x86, r-release-linux-x86_64, r-release-macos-x86_64, r-release-windows-ix86+x86_64, r-oldrel-macos-x86_64, r-oldrel-windows-ix86+x86_64

Version: 2.0.4.1
Check: installed package size
Result: NOTE
     installed size is 5.3Mb
     sub-directories of 1Mb or more:
     doc 1.3Mb
     libs 3.8Mb
Flavors: r-devel-linux-x86_64-fedora-clang, r-devel-windows-ix86+x86_64, r-release-windows-ix86+x86_64, r-oldrel-windows-ix86+x86_64

Version: 2.0.4.1
Check: whether package can be installed
Result: WARN
    Found the following significant warnings:
     ./src/common/Random.c:105:5: warning: 'memcpy' pointer overflow between offset 0 and size [4294967292, 2147483647] [-Warray-bounds]
     ./src/common/Random.c:105:5: warning: 'memcpy' pointer overflow between offset 0 and size [-4, 9223372036854775807] [-Warray-bounds]
Flavors: r-devel-windows-ix86+x86_64, r-release-windows-ix86+x86_64

Version: 2.0.4.1
Check: whether package can be installed
Result: WARN
    Found the following significant warnings:
     ./src/common/Random.c:105:5: warning: ‘__builtin_memcpy’ pointer overflow between offset 0 and size [-4, 9223372036854775807] [-Warray-bounds]
Flavor: r-release-macos-x86_64