Last updated on 2023-02-07 00:54:13 CET.
Flavor | Version | Tinstall | Tcheck | Ttotal | Status | Flags |
---|---|---|---|---|---|---|
r-devel-linux-x86_64-debian-clang | 0.1-4 | 13.23 | 82.41 | 95.64 | OK | |
r-devel-linux-x86_64-debian-gcc | 0.1-4 | 10.25 | 61.24 | 71.49 | OK | |
r-devel-linux-x86_64-fedora-clang | 0.1-4 | 132.24 | OK | |||
r-devel-linux-x86_64-fedora-gcc | 0.1-4 | 138.66 | OK | |||
r-devel-windows-x86_64 | 0.1-4 | 143.00 | 155.00 | 298.00 | OK | |
r-patched-linux-x86_64 | 0.1-4 | 10.65 | 75.37 | 86.02 | OK | |
r-release-linux-x86_64 | 0.1-4 | 10.33 | 76.07 | 86.40 | OK | |
r-release-macos-arm64 | 0.1-4 | 37.00 | NOTE | |||
r-release-macos-x86_64 | 0.1-4 | 48.00 | NOTE | |||
r-release-windows-x86_64 | 0.1-4 | 24.00 | 150.00 | 174.00 | OK | |
r-oldrel-macos-arm64 | 0.1-4 | 39.00 | NOTE | |||
r-oldrel-macos-x86_64 | 0.1-4 | 55.00 | NOTE | |||
r-oldrel-windows-ix86+x86_64 | 0.1-4 | 26.00 | 120.00 | 146.00 | OK |
Version: 0.1-4
Check: package dependencies
Result: NOTE
Package which this enhances but not available for checking: ‘pbdMPI’
Flavors: r-release-macos-arm64, r-release-macos-x86_64, r-oldrel-macos-arm64, r-oldrel-macos-x86_64