CRAN Package Check Results for Package cubfits

Last updated on 2020-07-03 01:49:00 CEST.

Flavor Version Tinstall Tcheck Ttotal Status Flags
r-devel-linux-x86_64-debian-clang 0.1-3 11.86 69.49 81.35 OK
r-devel-linux-x86_64-debian-gcc 0.1-3 10.57 53.28 63.85 OK
r-devel-linux-x86_64-fedora-clang 0.1-3 106.14 OK
r-devel-linux-x86_64-fedora-gcc 0.1-3 97.03 OK
r-devel-windows-ix86+x86_64 0.1-3 30.00 117.00 147.00 OK
r-patched-linux-x86_64 0.1-3 11.41 70.93 82.34 OK
r-patched-solaris-x86 0.1-3 120.80 OK
r-release-linux-x86_64 0.1-3 11.07 69.80 80.87 OK
r-release-osx-x86_64 0.1-3 NOTE
r-release-windows-ix86+x86_64 0.1-3 26.00 98.00 124.00 OK
r-oldrel-osx-x86_64 0.1-3 NOTE
r-oldrel-windows-ix86+x86_64 0.1-3 23.00 136.00 159.00 OK

Check Details

Version: 0.1-3
Check: package dependencies
Result: NOTE
    Package which this enhances but not available for checking: ‘pbdMPI’
Flavors: r-release-osx-x86_64, r-oldrel-osx-x86_64