CRAN Package Check Results for Package cubfits

Last updated on 2019-11-19 01:50:42 CET.

Flavor Version Tinstall Tcheck Ttotal Status Flags
r-devel-linux-x86_64-debian-clang 0.1-3 11.58 65.89 77.47 OK
r-devel-linux-x86_64-debian-gcc 0.1-3 9.88 53.21 63.09 OK
r-devel-linux-x86_64-fedora-clang 0.1-3 110.00 OK
r-devel-linux-x86_64-fedora-gcc 0.1-3 92.34 OK
r-devel-windows-ix86+x86_64 0.1-3 38.00 113.00 151.00 OK
r-patched-linux-x86_64 0.1-3 10.30 63.66 73.96 OK
r-patched-solaris-x86 0.1-3 116.20 OK
r-release-linux-x86_64 0.1-3 9.78 63.78 73.56 OK
r-release-windows-ix86+x86_64 0.1-3 23.00 133.00 156.00 OK
r-release-osx-x86_64 0.1-3 NOTE
r-oldrel-windows-ix86+x86_64 0.1-3 24.00 116.00 140.00 OK
r-oldrel-osx-x86_64 0.1-3 NOTE

Check Details

Version: 0.1-3
Check: package dependencies
Result: NOTE
    Package which this enhances but not available for checking: ‘pbdMPI’
Flavors: r-release-osx-x86_64, r-oldrel-osx-x86_64