CRAN Package Check Results for Package cultevo

Last updated on 2020-10-22 02:49:35 CEST.

Flavor Version Tinstall Tcheck Ttotal Status Flags
r-devel-linux-x86_64-debian-clang 1.0.2 3.09 325.60 328.69 OK
r-devel-linux-x86_64-debian-gcc 1.0.2 3.00 230.33 233.33 OK
r-devel-linux-x86_64-fedora-clang 1.0.2 371.59 OK
r-devel-linux-x86_64-fedora-gcc 1.0.2 361.79 OK
r-devel-windows-ix86+x86_64 1.0.2 9.00 365.00 374.00 OK
r-patched-linux-x86_64 1.0.2 3.32 293.98 297.30 OK
r-patched-solaris-x86 1.0.2 727.20 OK
r-release-linux-x86_64 1.0.2 3.24 294.49 297.73 OK
r-release-macos-x86_64 1.0.2 NOTE
r-release-windows-ix86+x86_64 1.0.2 8.00 279.00 287.00 OK
r-oldrel-macos-x86_64 1.0.2 NOTE
r-oldrel-windows-ix86+x86_64 1.0.2 7.00 345.00 352.00 OK

Check Details

Version: 1.0.2
Check: dependencies in R code
Result: NOTE
    Namespace in Imports field not imported from: ‘pspearman’
     All declared Imports should be used.
Flavors: r-release-macos-x86_64, r-oldrel-macos-x86_64