CRAN Package Check Results for Package cumulocityr

Last updated on 2022-07-03 01:48:52 CEST.

Flavor Version Tinstall Tcheck Ttotal Status Flags
r-devel-linux-x86_64-debian-clang 0.1.0 2.37 25.67 28.04 NOTE
r-devel-linux-x86_64-debian-gcc 0.1.0 1.95 20.68 22.63 NOTE
r-devel-linux-x86_64-fedora-clang 0.1.0 45.61 NOTE
r-devel-linux-x86_64-fedora-gcc 0.1.0 44.42 NOTE
r-devel-windows-x86_64 0.1.0 13.00 60.00 73.00 NOTE
r-patched-linux-x86_64 0.1.0 2.58 25.20 27.78 NOTE
r-release-linux-x86_64 0.1.0 2.41 24.94 27.35 NOTE
r-release-macos-arm64 0.1.0 14.00 NOTE
r-release-macos-x86_64 0.1.0 22.00 NOTE
r-release-windows-x86_64 0.1.0 17.00 56.00 73.00 NOTE
r-oldrel-macos-arm64 0.1.0 21.00 NOTE
r-oldrel-macos-x86_64 0.1.0 25.00 NOTE
r-oldrel-windows-ix86+x86_64 0.1.0 5.00 47.00 52.00 NOTE

Check Details

Version: 0.1.0
Check: LazyData
Result: NOTE
     'LazyData' is specified without a 'data' directory
Flavors: r-devel-linux-x86_64-debian-clang, r-devel-linux-x86_64-debian-gcc, r-devel-linux-x86_64-fedora-clang, r-devel-linux-x86_64-fedora-gcc, r-devel-windows-x86_64, r-patched-linux-x86_64, r-release-linux-x86_64, r-release-macos-arm64, r-release-macos-x86_64, r-release-windows-x86_64, r-oldrel-macos-arm64, r-oldrel-macos-x86_64, r-oldrel-windows-ix86+x86_64