CRAN Package Check Results for Package curvecomp

Last updated on 2023-12-05 07:48:28 CET.

Flavor Version Tinstall Tcheck Ttotal Status Flags
r-devel-linux-x86_64-debian-clang 0.1.0 9.02 67.72 76.74 NOTE
r-devel-linux-x86_64-debian-gcc 0.1.0 5.13 52.34 57.47 NOTE
r-devel-linux-x86_64-fedora-clang 0.1.0 96.87 NOTE
r-devel-linux-x86_64-fedora-gcc 0.1.0 92.03 NOTE
r-devel-windows-x86_64 0.1.0 7.00 69.00 76.00 NOTE
r-patched-linux-x86_64 0.1.0 7.75 68.58 76.33 NOTE
r-release-linux-x86_64 0.1.0 7.54 68.76 76.30 NOTE
r-release-macos-arm64 0.1.0 33.00 NOTE
r-release-macos-x86_64 0.1.0 53.00 NOTE
r-release-windows-x86_64 0.1.0 10.00 77.00 87.00 NOTE
r-oldrel-macos-arm64 0.1.0 31.00 NOTE
r-oldrel-macos-x86_64 0.1.0 43.00 NOTE
r-oldrel-windows-x86_64 0.1.0 10.00 81.00 91.00 NOTE

Check Details

Version: 0.1.0
Check: LazyData
Result: NOTE 'LazyData' is specified without a 'data' directory Flavors: r-devel-linux-x86_64-debian-clang, r-devel-linux-x86_64-debian-gcc, r-devel-linux-x86_64-fedora-clang, r-devel-linux-x86_64-fedora-gcc, r-devel-windows-x86_64, r-patched-linux-x86_64, r-release-linux-x86_64, r-release-macos-arm64, r-release-macos-x86_64, r-release-windows-x86_64, r-oldrel-macos-arm64, r-oldrel-macos-x86_64, r-oldrel-windows-x86_64

Version: 0.1.0
Check: for non-standard things in the check directory
Result: NOTE Found the following files/directories: ‘Adjusted_p_values.pdf’ ‘Effect_Size_Curves.pdf’ ‘Mean_Difference_Curves.pdf’ Flavors: r-devel-linux-x86_64-debian-clang, r-devel-linux-x86_64-debian-gcc, r-devel-linux-x86_64-fedora-clang, r-devel-linux-x86_64-fedora-gcc, r-patched-linux-x86_64, r-release-linux-x86_64