CRAN Package Check Results for Package customsteps

Last updated on 2020-02-29 01:51:04 CET.

Flavor Version Tinstall Tcheck Ttotal Status Flags
r-devel-linux-x86_64-debian-clang 0.7.1.0 10.80 108.96 119.76 NOTE
r-devel-linux-x86_64-debian-gcc 0.7.1.0 9.51 83.79 93.30 NOTE
r-devel-linux-x86_64-fedora-clang 0.7.1.0 143.87 NOTE
r-devel-linux-x86_64-fedora-gcc 0.7.1.0 142.27 NOTE
r-devel-windows-ix86+x86_64 0.7.1.0 33.00 143.00 176.00 NOTE
r-devel-windows-ix86+x86_64-gcc8 0.7.1.0 27.00 109.00 136.00 NOTE
r-patched-linux-x86_64 0.7.1.0 8.24 95.69 103.93 OK
r-patched-solaris-x86 0.7.1.0 186.10 NOTE
r-release-linux-x86_64 0.7.1.0 8.16 94.50 102.66 OK
r-release-windows-ix86+x86_64 0.7.1.0 18.00 152.00 170.00 OK
r-release-osx-x86_64 0.7.1.0 NOTE
r-oldrel-windows-ix86+x86_64 0.7.1.0 15.00 97.00 112.00 OK
r-oldrel-osx-x86_64 0.7.1.0 NOTE

Check Details

Version: 0.7.1.0
Check: package vignettes
Result: NOTE
    Package vignette with placeholder title 'Vignette Title':
     'customsteps.Rmd'
Flavors: r-devel-linux-x86_64-debian-clang, r-devel-linux-x86_64-debian-gcc, r-devel-windows-ix86+x86_64, r-devel-windows-ix86+x86_64-gcc8

Version: 0.7.1.0
Check: dependencies in R code
Result: NOTE
    Namespaces in Imports field not imported from:
     ‘rlang’ ‘tidyselect’
     All declared Imports should be used.
Flavors: r-devel-linux-x86_64-fedora-clang, r-devel-linux-x86_64-fedora-gcc, r-patched-solaris-x86, r-release-osx-x86_64, r-oldrel-osx-x86_64