CRAN Package Check Results for Package cutoff

Last updated on 2022-08-15 02:53:40 CEST.

Flavor Version Tinstall Tcheck Ttotal Status Flags
r-devel-linux-x86_64-debian-clang 1.3 3.05 33.19 36.24 NOTE
r-devel-linux-x86_64-debian-gcc 1.3 1.97 25.57 27.54 NOTE
r-devel-linux-x86_64-fedora-clang 1.3 53.92 NOTE
r-devel-linux-x86_64-fedora-gcc 1.3 53.00 NOTE
r-devel-windows-x86_64 1.3 10.00 58.00 68.00 NOTE
r-patched-linux-x86_64 1.3 2.60 31.23 33.83 NOTE
r-release-linux-x86_64 1.3 2.04 32.44 34.48 NOTE
r-release-macos-arm64 1.3 21.00 NOTE
r-release-macos-x86_64 1.3 29.00 NOTE
r-release-windows-x86_64 1.3 6.00 59.00 65.00 NOTE
r-oldrel-macos-arm64 1.3 24.00 NOTE
r-oldrel-macos-x86_64 1.3 33.00 NOTE
r-oldrel-windows-ix86+x86_64 1.3 12.00 55.00 67.00 NOTE

Check Details

Version: 1.3
Check: LazyData
Result: NOTE
     'LazyData' is specified without a 'data' directory
Flavors: r-devel-linux-x86_64-debian-clang, r-devel-linux-x86_64-debian-gcc, r-devel-linux-x86_64-fedora-clang, r-devel-linux-x86_64-fedora-gcc, r-devel-windows-x86_64, r-patched-linux-x86_64, r-release-linux-x86_64, r-release-macos-arm64, r-release-macos-x86_64, r-release-windows-x86_64, r-oldrel-macos-arm64, r-oldrel-macos-x86_64, r-oldrel-windows-ix86+x86_64