CRAN Package Check Results for Package cutoffR

Last updated on 2021-09-26 01:49:48 CEST.

Flavor Version Tinstall Tcheck Ttotal Status Flags
r-devel-linux-x86_64-debian-clang 1.0 5.32 55.12 60.44 NOTE
r-devel-linux-x86_64-debian-gcc 1.0 4.25 42.14 46.39 NOTE
r-devel-linux-x86_64-fedora-clang 1.0 79.25 NOTE
r-devel-linux-x86_64-fedora-gcc 1.0 68.52 NOTE
r-devel-windows-x86_64 1.0 7.00 58.00 65.00 NOTE
r-devel-windows-x86_64-gcc10-UCRT 1.0 NOTE
r-patched-linux-x86_64 1.0 5.50 50.80 56.30 NOTE
r-patched-solaris-x86 1.0 101.20 NOTE
r-release-linux-x86_64 1.0 5.17 51.24 56.41 NOTE
r-release-macos-arm64 1.0 NOTE
r-release-macos-x86_64 1.0 NOTE
r-release-windows-ix86+x86_64 1.0 14.00 56.00 70.00 NOTE
r-oldrel-macos-x86_64 1.0 NOTE
r-oldrel-windows-ix86+x86_64 1.0 10.00 57.00 67.00 NOTE

Check Details

Version: 1.0
Check: R code for possible problems
Result: NOTE
    Cut: no visible global function definition for 'cor'
    MissSimulation: no visible global function definition for 'rbinom'
    cutoff: no visible global function definition for 'cor'
    Undefined global functions or variables:
     cor rbinom
    Consider adding
     importFrom("stats", "cor", "rbinom")
    to your NAMESPACE file.
Flavors: r-devel-linux-x86_64-debian-clang, r-devel-linux-x86_64-debian-gcc, r-devel-linux-x86_64-fedora-clang, r-devel-linux-x86_64-fedora-gcc, r-devel-windows-x86_64, r-devel-windows-x86_64-gcc10-UCRT, r-patched-linux-x86_64, r-patched-solaris-x86, r-release-linux-x86_64, r-release-macos-arm64, r-release-macos-x86_64, r-release-windows-ix86+x86_64, r-oldrel-macos-x86_64, r-oldrel-windows-ix86+x86_64