CRAN Package Check Results for Package cutpointr

Last updated on 2020-01-24 00:48:59 CET.

Flavor Version Tinstall Tcheck Ttotal Status Flags
r-devel-linux-x86_64-debian-clang 1.0.1 51.03 436.02 487.05 OK
r-devel-linux-x86_64-debian-gcc 1.0.1 29.37 313.37 342.74 OK
r-devel-linux-x86_64-fedora-clang 1.0.1 482.10 NOTE
r-devel-linux-x86_64-fedora-gcc 1.0.1 565.55 OK
r-devel-windows-ix86+x86_64 1.0.1 118.00 811.00 929.00 OK
r-devel-windows-ix86+x86_64-gcc8 1.0.1 143.00 827.00 970.00 OK
r-patched-linux-x86_64 1.0.1 36.17 369.48 405.65 OK
r-patched-solaris-x86 1.0.1 635.60 OK
r-release-linux-x86_64 1.0.1 36.78 366.20 402.98 OK
r-release-windows-ix86+x86_64 1.0.1 90.00 508.00 598.00 OK
r-release-osx-x86_64 1.0.1 OK
r-oldrel-windows-ix86+x86_64 1.0.1 76.00 578.00 654.00 OK
r-oldrel-osx-x86_64 1.0.1 OK

Check Details

Version: 1.0.1
Check: package dependencies
Result: NOTE
    Suggests orphaned package: ‘doRNG’
Flavor: r-devel-linux-x86_64-fedora-clang