CRAN Package Check Results for Package cvCovEst

Last updated on 2021-07-28 01:48:44 CEST.

Flavor Version Tinstall Tcheck Ttotal Status Flags
r-devel-linux-x86_64-debian-clang 0.3.5 14.73 262.23 276.96 OK
r-devel-linux-x86_64-debian-gcc 1.0.0 10.17 144.60 154.77 OK
r-devel-linux-x86_64-fedora-clang 1.0.0 279.32 OK
r-devel-linux-x86_64-fedora-gcc 1.0.0 245.24 OK
r-devel-windows-x86_64 1.0.0 16.00 169.00 185.00 OK
r-devel-windows-x86_64-gcc10-UCRT 0.3.5 OK
r-patched-linux-x86_64 1.0.0 12.92 187.66 200.58 OK
r-patched-solaris-x86 1.0.0 338.90 OK
r-release-linux-x86_64 0.3.5 12.39 196.04 208.43 OK
r-release-macos-arm64 1.0.0 WARN
r-release-macos-x86_64 1.0.0 OK
r-release-windows-ix86+x86_64 1.0.0 24.00 165.00 189.00 OK
r-oldrel-macos-x86_64 1.0.0 OK
r-oldrel-windows-ix86+x86_64 0.3.5 34.00 245.00 279.00 OK

Check Details

Version: 1.0.0
Check: re-building of vignette outputs
Result: WARN
    Error(s) in re-building vignettes:
     ...
    --- re-building ‘using_cvCovEst.Rmd’ using rmarkdown
    Warning in engine$weave(file, quiet = quiet, encoding = enc) :
     Pandoc (>= 1.12.3) not available. Falling back to R Markdown v1.
    Quitting from lines 301-302 (using_cvCovEst.Rmd)
    Error: processing vignette 'using_cvCovEst.Rmd' failed with diagnostics:
    polygon edge not found
    --- failed re-building ‘using_cvCovEst.Rmd’
    
    SUMMARY: processing the following file failed:
     ‘using_cvCovEst.Rmd’
    
    Error: Vignette re-building failed.
    Execution halted
Flavor: r-release-macos-arm64