CRAN Package Check Results for Package cwhmisc

Last updated on 2021-07-24 01:49:59 CEST.

Flavor Version Tinstall Tcheck Ttotal Status Flags
r-devel-linux-x86_64-debian-clang 6.6 8.22 70.55 78.77 NOTE
r-devel-linux-x86_64-debian-gcc 6.6 6.90 55.54 62.44 NOTE
r-devel-linux-x86_64-fedora-clang 6.6 102.61 NOTE
r-devel-linux-x86_64-fedora-gcc 6.6 92.24 NOTE
r-devel-windows-x86_64 6.6 10.00 76.00 86.00 OK
r-devel-windows-x86_64-gcc10-UCRT 6.6 OK
r-patched-linux-x86_64 6.6 8.75 69.37 78.12 NOTE
r-patched-solaris-x86 6.6 119.50 NOTE
r-release-linux-x86_64 6.6 7.64 70.07 77.71 NOTE
r-release-macos-arm64 6.6 OK
r-release-macos-x86_64 6.6 OK
r-release-windows-ix86+x86_64 6.6 14.00 73.00 87.00 OK
r-oldrel-macos-x86_64 6.6 OK
r-oldrel-windows-ix86+x86_64 6.6 29.00 79.00 108.00 OK

Check Details

Version: 6.6
Check: for non-standard things in the check directory
Result: NOTE
    Found the following files/directories:
     'tex.table.tex'
Flavors: r-devel-linux-x86_64-debian-clang, r-devel-linux-x86_64-debian-gcc, r-devel-linux-x86_64-fedora-clang, r-devel-linux-x86_64-fedora-gcc, r-patched-linux-x86_64, r-patched-solaris-x86, r-release-linux-x86_64