CRAN Package Check Results for Package cycleRtools

Last updated on 2023-09-24 08:58:15 CEST.

Flavor Version Tinstall Tcheck Ttotal Status Flags
r-devel-linux-x86_64-debian-clang 1.1.1 70.16 62.36 132.52 OK
r-devel-linux-x86_64-debian-gcc 1.1.1 42.76 46.33 89.09 OK
r-devel-linux-x86_64-fedora-clang 1.1.1 191.32 NOTE
r-devel-linux-x86_64-fedora-gcc 1.1.1 195.70 NOTE
r-devel-windows-x86_64 1.1.1 42.00 85.00 127.00 OK
r-patched-linux-x86_64 1.1.1 67.37 58.55 125.92 OK
r-release-linux-x86_64 1.1.1 66.13 59.74 125.87 OK
r-release-macos-arm64 1.1.1 56.00 OK
r-release-macos-x86_64 1.1.1 90.00 OK
r-release-windows-x86_64 1.1.1 49.00 98.00 147.00 OK
r-oldrel-macos-arm64 1.1.1 49.00 OK
r-oldrel-macos-x86_64 1.1.1 63.00 OK
r-oldrel-windows-x86_64 1.1.1 78.00 96.00 174.00 OK

Check Details

Version: 1.1.1
Check: compiled code
Result: NOTE
    File ‘cycleRtools/libs/cycleRtools.so’:
     Found no calls to: ‘R_registerRoutines’, ‘R_useDynamicSymbols’
    
    It is good practice to register native routines and to disable symbol
    search.
    
    See ‘Writing portable packages’ in the ‘Writing R Extensions’ manual.
Flavors: r-devel-linux-x86_64-fedora-clang, r-devel-linux-x86_64-fedora-gcc