Last updated on 2022-06-25 01:48:57 CEST.
Flavor | Version | Tinstall | Tcheck | Ttotal | Status | Flags |
---|---|---|---|---|---|---|
r-devel-linux-x86_64-debian-clang | 0.1.0 | 25.82 | 211.30 | 237.12 | OK | |
r-devel-linux-x86_64-debian-gcc | 0.1.0 | 16.97 | 154.20 | 171.17 | OK | |
r-devel-linux-x86_64-fedora-clang | 0.1.0 | 294.95 | NOTE | |||
r-devel-linux-x86_64-fedora-gcc | 0.1.0 | 281.74 | NOTE | |||
r-devel-windows-x86_64 | 0.1.0 | 41.00 | 227.00 | 268.00 | OK | |
r-patched-linux-x86_64 | 0.1.0 | 25.19 | 200.32 | 225.51 | OK | |
r-release-linux-x86_64 | 0.1.0 | 17.73 | 200.05 | 217.78 | OK | |
r-release-macos-arm64 | 0.1.0 | 76.00 | NOTE | |||
r-release-macos-x86_64 | 0.1.0 | 122.00 | NOTE | |||
r-release-windows-x86_64 | 0.1.0 | 45.00 | 225.00 | 270.00 | OK | |
r-oldrel-macos-arm64 | 0.1.0 | 82.00 | NOTE | |||
r-oldrel-macos-x86_64 | 0.1.0 | 100.00 | NOTE | |||
r-oldrel-windows-ix86+x86_64 | 0.1.0 | 51.00 | 227.00 | 278.00 | OK |
Version: 0.1.0
Check: dependencies in R code
Result: NOTE
Namespace in Imports field not imported from: ‘mvtnorm’
All declared Imports should be used.
Flavors: r-devel-linux-x86_64-fedora-clang, r-devel-linux-x86_64-fedora-gcc, r-release-macos-arm64, r-release-macos-x86_64, r-oldrel-macos-arm64, r-oldrel-macos-x86_64