CRAN Package Check Results for Package d3plus

Last updated on 2023-02-02 00:54:40 CET.

Flavor Version Tinstall Tcheck Ttotal Status Flags
r-devel-linux-x86_64-debian-clang 0.1.0 3.52 26.89 30.41 NOTE
r-devel-linux-x86_64-debian-gcc 0.1.0 2.66 21.60 24.26 NOTE
r-devel-linux-x86_64-fedora-clang 0.1.0 39.09 NOTE
r-devel-linux-x86_64-fedora-gcc 0.1.0 36.99 NOTE
r-patched-linux-x86_64 0.1.0 3.37 27.30 30.67 NOTE
r-release-linux-x86_64 0.1.0 2.50 27.68 30.18 NOTE
r-release-macos-arm64 0.1.0 15.00 NOTE
r-release-macos-x86_64 0.1.0 22.00 NOTE
r-release-windows-x86_64 0.1.0 17.00 58.00 75.00 NOTE
r-oldrel-macos-arm64 0.1.0 17.00 NOTE
r-oldrel-macos-x86_64 0.1.0 28.00 NOTE
r-oldrel-windows-ix86+x86_64 0.1.0 9.00 54.00 63.00 NOTE

Check Details

Version: 0.1.0
Check: LazyData
Result: NOTE
     'LazyData' is specified without a 'data' directory
Flavors: r-devel-linux-x86_64-debian-clang, r-devel-linux-x86_64-debian-gcc, r-devel-linux-x86_64-fedora-clang, r-devel-linux-x86_64-fedora-gcc, r-patched-linux-x86_64, r-release-linux-x86_64, r-release-macos-arm64, r-release-macos-x86_64, r-release-windows-x86_64, r-oldrel-macos-arm64, r-oldrel-macos-x86_64, r-oldrel-windows-ix86+x86_64