Last updated on 2023-01-30 01:53:29 CET.
Flavor | Version | Tinstall | Tcheck | Ttotal | Status | Flags |
---|---|---|---|---|---|---|
r-devel-linux-x86_64-debian-clang | 1.0.2 | 4.92 | 45.29 | 50.21 | NOTE | |
r-devel-linux-x86_64-debian-gcc | 1.0.2 | 3.38 | 34.38 | 37.76 | NOTE | |
r-devel-linux-x86_64-fedora-clang | 1.0.2 | 61.15 | NOTE | |||
r-devel-linux-x86_64-fedora-gcc | 1.0.2 | 54.42 | NOTE | |||
r-devel-windows-x86_64 | 1.0.2 | 18.00 | 72.00 | 90.00 | NOTE | |
r-patched-linux-x86_64 | 1.0.2 | 4.97 | 45.69 | 50.66 | NOTE | |
r-release-linux-x86_64 | 1.0.2 | 4.27 | 45.63 | 49.90 | NOTE | |
r-release-macos-arm64 | 1.0.2 | 24.00 | NOTE | |||
r-release-macos-x86_64 | 1.0.2 | 40.00 | NOTE | |||
r-release-windows-x86_64 | 1.0.2 | 12.00 | 76.00 | 88.00 | NOTE | |
r-oldrel-macos-arm64 | 1.0.2 | 31.00 | NOTE | |||
r-oldrel-macos-x86_64 | 1.0.2 | 40.00 | NOTE | |||
r-oldrel-windows-ix86+x86_64 | 1.0.2 | 13.00 | 73.00 | 86.00 | NOTE |
Version: 1.0.2
Check: LazyData
Result: NOTE
'LazyData' is specified without a 'data' directory
Flavors: r-devel-linux-x86_64-debian-clang, r-devel-linux-x86_64-debian-gcc, r-devel-linux-x86_64-fedora-clang, r-devel-linux-x86_64-fedora-gcc, r-devel-windows-x86_64, r-patched-linux-x86_64, r-release-linux-x86_64, r-release-macos-arm64, r-release-macos-x86_64, r-release-windows-x86_64, r-oldrel-macos-arm64, r-oldrel-macos-x86_64, r-oldrel-windows-ix86+x86_64