CRAN Package Check Results for Package daiR

Last updated on 2022-06-25 01:48:57 CEST.

Flavor Version Tinstall Tcheck Ttotal Status Flags
r-devel-linux-x86_64-debian-clang 0.9.0 4.47 71.09 75.56 OK
r-devel-linux-x86_64-debian-gcc 0.9.0 3.69 53.52 57.21 OK
r-devel-linux-x86_64-fedora-clang 0.9.0 96.70 NOTE
r-devel-linux-x86_64-fedora-gcc 0.9.0 96.39 NOTE
r-devel-windows-x86_64 0.9.0 31.00 111.00 142.00 OK
r-patched-linux-x86_64 0.9.0 5.08 68.66 73.74 OK
r-release-linux-x86_64 0.9.0 4.20 69.36 73.56 OK
r-release-macos-arm64 0.9.0 28.00 NOTE
r-release-macos-x86_64 0.9.0 43.00 NOTE
r-release-windows-x86_64 0.9.0 32.00 112.00 144.00 OK
r-oldrel-macos-arm64 0.9.0 41.00 NOTE
r-oldrel-macos-x86_64 0.9.0 45.00 NOTE
r-oldrel-windows-ix86+x86_64 0.9.0 9.00 101.00 110.00 OK

Check Details

Version: 0.9.0
Check: dependencies in R code
Result: NOTE
    Namespaces in Imports field not imported from:
     ‘curl’ ‘fs’ ‘googleCloudStorageR’
     All declared Imports should be used.
Flavors: r-devel-linux-x86_64-fedora-clang, r-devel-linux-x86_64-fedora-gcc, r-release-macos-arm64, r-release-macos-x86_64, r-oldrel-macos-arm64, r-oldrel-macos-x86_64