CRAN Package Check Results for Package dams

Last updated on 2021-01-16 00:47:26 CET.

Flavor Version Tinstall Tcheck Ttotal Status Flags
r-devel-linux-x86_64-debian-clang 0.3.0 8.71 64.06 72.77 OK
r-devel-linux-x86_64-debian-gcc 0.3.0 7.11 49.93 57.04 OK
r-devel-linux-x86_64-fedora-clang 0.3.0 97.61 NOTE
r-devel-linux-x86_64-fedora-gcc 0.3.0 86.34 NOTE
r-devel-windows-ix86+x86_64 0.3.0 15.00 72.00 87.00 OK
r-patched-linux-x86_64 0.3.0 9.25 60.83 70.08 OK
r-patched-solaris-x86 0.3.0 140.00 NOTE
r-release-linux-x86_64 0.3.0 8.61 60.34 68.95 OK
r-release-macos-x86_64 0.3.0 NOTE
r-release-windows-ix86+x86_64 0.3.0 17.00 63.00 80.00 OK
r-oldrel-macos-x86_64 0.3.0 NOTE
r-oldrel-windows-ix86+x86_64 0.3.0 13.00 57.00 70.00 OK

Check Details

Version: 0.3.0
Check: data for non-ASCII characters
Result: NOTE
     Note: found 5 marked UTF-8 strings
Flavors: r-devel-linux-x86_64-fedora-clang, r-devel-linux-x86_64-fedora-gcc, r-patched-solaris-x86, r-release-macos-x86_64, r-oldrel-macos-x86_64