CRAN Package Check Results for Package dang

Last updated on 2021-09-23 01:49:31 CEST.

Flavor Version Tinstall Tcheck Ttotal Status Flags
r-devel-linux-x86_64-debian-clang 0.0.13 3.65 24.35 28.00 OK
r-devel-linux-x86_64-debian-gcc 0.0.13 2.28 19.46 21.74 OK
r-devel-linux-x86_64-fedora-clang 0.0.13 43.77 OK
r-devel-linux-x86_64-fedora-gcc 0.0.13 32.59 OK
r-devel-windows-x86_64 0.0.13 5.00 32.00 37.00 OK
r-devel-windows-x86_64-gcc10-UCRT 0.0.13 ERROR
r-patched-linux-x86_64 0.0.13 3.34 24.14 27.48 OK
r-patched-solaris-x86 0.0.13 45.40 OK
r-release-linux-x86_64 0.0.13 3.30 24.27 27.57 OK
r-release-macos-arm64 0.0.13 OK
r-release-macos-x86_64 0.0.13 OK
r-release-windows-ix86+x86_64 0.0.13 9.00 54.00 63.00 OK
r-oldrel-macos-x86_64 0.0.13 OK
r-oldrel-windows-ix86+x86_64 0.0.13 31.00 35.00 66.00 OK

Check Details

Version: 0.0.13
Check: whether package can be installed
Result: ERROR
    Installation failed.
Flavor: r-devel-windows-x86_64-gcc10-UCRT