CRAN Package Check Results for Package dash

Last updated on 2020-09-25 01:48:41 CEST.

Flavor Version Tinstall Tcheck Ttotal Status Flags
r-devel-linux-x86_64-debian-clang 0.5.0 7.41 46.16 53.57 OK
r-devel-linux-x86_64-debian-gcc 0.5.0 7.06 38.01 45.07 OK
r-devel-linux-x86_64-fedora-clang 0.5.0 71.93 NOTE
r-devel-linux-x86_64-fedora-gcc 0.5.0 62.54 NOTE
r-devel-windows-ix86+x86_64 0.5.0 20.00 79.00 99.00 NOTE
r-patched-linux-x86_64 0.5.0 8.33 44.38 52.71 OK
r-patched-solaris-x86 0.5.0 100.10 NOTE
r-release-linux-x86_64 0.5.0 6.90 43.93 50.83 OK
r-release-macos-x86_64 0.5.0 NOTE
r-release-windows-ix86+x86_64 0.5.0 20.00 68.00 88.00 NOTE
r-oldrel-macos-x86_64 0.5.0 NOTE
r-oldrel-windows-ix86+x86_64 0.5.0 13.00 62.00 75.00 NOTE

Check Details

Version: 0.5.0
Check: installed package size
Result: NOTE
     installed size is 8.8Mb
     sub-directories of 1Mb or more:
     lib 8.4Mb
Flavors: r-devel-linux-x86_64-fedora-clang, r-devel-windows-ix86+x86_64, r-patched-solaris-x86, r-release-macos-x86_64, r-release-windows-ix86+x86_64, r-oldrel-macos-x86_64, r-oldrel-windows-ix86+x86_64

Version: 0.5.0
Check: dependencies in R code
Result: NOTE
    Namespace in Imports field not imported from: ‘dashTable’
     All declared Imports should be used.
Flavors: r-devel-linux-x86_64-fedora-clang, r-devel-linux-x86_64-fedora-gcc, r-patched-solaris-x86, r-release-macos-x86_64, r-oldrel-macos-x86_64