CRAN Package Check Results for Package data.validator

Last updated on 2023-03-31 07:53:22 CEST.

Flavor Version Tinstall Tcheck Ttotal Status Flags
r-devel-linux-x86_64-debian-clang 0.1.6 6.53 44.00 50.53 OK
r-devel-linux-x86_64-debian-gcc 0.1.6 5.25 33.92 39.17 OK
r-devel-linux-x86_64-fedora-clang 0.1.6 63.67 NOTE
r-devel-linux-x86_64-fedora-gcc 0.1.6 59.59 NOTE
r-devel-windows-x86_64 0.1.6 80.00 79.00 159.00 OK
r-patched-linux-x86_64 0.1.6 6.51 42.35 48.86 OK
r-release-linux-x86_64 0.1.6 3.95 44.78 48.73 OK
r-release-macos-arm64 0.1.6 24.00 NOTE
r-release-macos-x86_64 0.1.6 43.00 NOTE
r-release-windows-x86_64 0.1.6 74.00 77.00 151.00 OK
r-oldrel-macos-arm64 0.1.6 22.00 NOTE
r-oldrel-macos-x86_64 0.1.6 35.00 NOTE
r-oldrel-windows-ix86+x86_64 0.1.6 16.00 74.00 90.00 OK

Check Details

Version: 0.1.6
Check: dependencies in R code
Result: NOTE
    Namespaces in Imports field not imported from:
     ‘R6’ ‘rmarkdown’ ‘shiny’
     All declared Imports should be used.
Flavors: r-devel-linux-x86_64-fedora-clang, r-devel-linux-x86_64-fedora-gcc, r-release-macos-arm64, r-release-macos-x86_64, r-oldrel-macos-arm64, r-oldrel-macos-x86_64

Version: 0.1.6
Check: Rd cross-references
Result: NOTE
    Undeclared package ‘tidyselect’ in Rd xrefs
Flavor: r-devel-linux-x86_64-fedora-clang