CRAN Package Check Results for Package datacleanr

Last updated on 2023-01-28 01:50:07 CET.

Flavor Version Tinstall Tcheck Ttotal Status Flags
r-devel-linux-x86_64-debian-clang 1.0.3 5.71 51.28 56.99 OK
r-devel-linux-x86_64-debian-gcc 1.0.3 4.88 39.46 44.34 OK
r-devel-linux-x86_64-fedora-clang 1.0.3 81.88 NOTE
r-devel-linux-x86_64-fedora-gcc 1.0.3 74.38 NOTE
r-devel-windows-x86_64 1.0.3 45.00 93.00 138.00 OK
r-patched-linux-x86_64 1.0.3 11.09 49.04 60.13 OK
r-release-linux-x86_64 1.0.3 6.00 49.74 55.74 OK
r-release-macos-arm64 1.0.3 24.00 NOTE
r-release-macos-x86_64 1.0.3 40.00 NOTE
r-release-windows-x86_64 1.0.3 57.00 87.00 144.00 OK
r-oldrel-macos-arm64 1.0.3 31.00 NOTE
r-oldrel-macos-x86_64 1.0.3 35.00 NOTE
r-oldrel-windows-ix86+x86_64 1.0.3 14.00 77.00 91.00 OK

Check Details

Version: 1.0.3
Check: dependencies in R code
Result: NOTE
    Namespace in Imports field not imported from: ‘htmltools’
     All declared Imports should be used.
Flavors: r-devel-linux-x86_64-fedora-clang, r-devel-linux-x86_64-fedora-gcc, r-release-macos-arm64, r-release-macos-x86_64, r-oldrel-macos-arm64, r-oldrel-macos-x86_64