Last updated on 2023-12-05 07:48:28 CET.
Flavor | Version | Tinstall | Tcheck | Ttotal | Status | Flags |
---|---|---|---|---|---|---|
r-devel-linux-x86_64-debian-clang | 0.8.11 | 96.10 | 35.79 | 131.89 | NOTE | |
r-devel-linux-x86_64-debian-gcc | 0.8.11 | 69.78 | 28.34 | 98.12 | NOTE | |
r-devel-linux-x86_64-fedora-clang | 0.8.11 | 192.82 | NOTE | |||
r-devel-linux-x86_64-fedora-gcc | 0.8.11 | 191.19 | NOTE | |||
r-devel-windows-x86_64 | 0.8.11 | 68.00 | 70.00 | 138.00 | NOTE | |
r-patched-linux-x86_64 | 0.8.11 | 83.75 | 35.77 | 119.52 | NOTE | |
r-release-linux-x86_64 | 0.8.11 | 82.25 | 35.76 | 118.01 | NOTE | |
r-release-macos-arm64 | 0.8.11 | 78.00 | NOTE | |||
r-release-macos-x86_64 | 0.8.11 | 130.00 | NOTE | |||
r-release-windows-x86_64 | 0.8.11 | 67.00 | 78.00 | 145.00 | NOTE | |
r-oldrel-macos-arm64 | 0.8.11 | 76.00 | NOTE | |||
r-oldrel-macos-x86_64 | 0.8.11 | 102.00 | NOTE | |||
r-oldrel-windows-x86_64 | 0.8.11 | 76.00 | 75.00 | 151.00 | NOTE |
Version: 0.8.11
Check: C++ specification
Result: NOTE
Specified C++11: please drop specification unless essential
Flavors: r-devel-linux-x86_64-debian-clang, r-devel-linux-x86_64-debian-gcc, r-devel-linux-x86_64-fedora-clang, r-devel-linux-x86_64-fedora-gcc, r-devel-windows-x86_64, r-patched-linux-x86_64, r-release-linux-x86_64, r-release-macos-arm64, r-release-macos-x86_64, r-release-windows-x86_64
Version: 0.8.11
Check: for GNU extensions in Makefiles
Result: NOTE
GNU make is a SystemRequirements.
Flavors: r-devel-linux-x86_64-debian-clang, r-devel-linux-x86_64-debian-gcc, r-devel-linux-x86_64-fedora-clang, r-devel-linux-x86_64-fedora-gcc, r-devel-windows-x86_64, r-patched-linux-x86_64, r-release-linux-x86_64, r-release-macos-arm64, r-release-macos-x86_64, r-release-windows-x86_64, r-oldrel-macos-arm64, r-oldrel-macos-x86_64, r-oldrel-windows-x86_64
Version: 0.8.11
Check: installed package size
Result: NOTE
installed size is 5.1Mb
sub-directories of 1Mb or more:
libs 4.6Mb
Flavors: r-release-macos-arm64, r-release-macos-x86_64, r-oldrel-macos-arm64, r-oldrel-macos-x86_64