CRAN Package Check Results for Package datastructures

Last updated on 2020-07-03 01:49:00 CEST.

Flavor Version Tinstall Tcheck Ttotal Status Flags
r-devel-linux-x86_64-debian-clang 0.2.8 174.58 146.69 321.27 OK
r-devel-linux-x86_64-debian-gcc 0.2.8 166.49 109.76 276.25 OK
r-devel-linux-x86_64-fedora-clang 0.2.8 451.54 NOTE
r-devel-linux-x86_64-fedora-gcc 0.2.8 455.24 NOTE
r-devel-windows-ix86+x86_64 0.2.8 412.00 301.00 713.00 NOTE
r-patched-linux-x86_64 0.2.8 179.75 144.31 324.06 OK
r-patched-solaris-x86 0.2.8 405.50 NOTE
r-release-linux-x86_64 0.2.8 171.92 143.70 315.62 OK
r-release-osx-x86_64 0.2.8 NOTE
r-release-windows-ix86+x86_64 0.2.8 345.00 228.00 573.00 NOTE
r-oldrel-osx-x86_64 0.2.8 NOTE
r-oldrel-windows-ix86+x86_64 0.2.8 365.00 203.00 568.00 NOTE

Check Details

Version: 0.2.8
Check: installed package size
Result: NOTE
     installed size is 51.7Mb
     sub-directories of 1Mb or more:
     doc 1.2Mb
     libs 49.6Mb
Flavors: r-devel-linux-x86_64-fedora-clang, r-devel-windows-ix86+x86_64, r-patched-solaris-x86, r-release-osx-x86_64, r-release-windows-ix86+x86_64, r-oldrel-osx-x86_64, r-oldrel-windows-ix86+x86_64

Version: 0.2.8
Check: top-level files
Result: NOTE
    ‘cleanup’: /bin/bash is not portable
Flavors: r-devel-linux-x86_64-fedora-clang, r-devel-linux-x86_64-fedora-gcc