Last updated on 2019-12-06 00:49:53 CET.
Flavor | Version | Tinstall | Tcheck | Ttotal | Status | Flags |
---|---|---|---|---|---|---|
r-devel-linux-x86_64-debian-clang | 0.2.8 | 162.77 | 136.34 | 299.11 | OK | |
r-devel-linux-x86_64-debian-gcc | 0.2.8 | 154.04 | 103.31 | 257.35 | OK | |
r-devel-linux-x86_64-fedora-clang | 0.2.8 | 402.42 | NOTE | |||
r-devel-linux-x86_64-fedora-gcc | 0.2.8 | 417.60 | NOTE | |||
r-devel-windows-ix86+x86_64 | 0.2.8 | 346.00 | 283.00 | 629.00 | NOTE | |
r-devel-windows-ix86+x86_64-gcc8 | 0.2.8 | 330.00 | 218.00 | 548.00 | NOTE | |
r-patched-linux-x86_64 | 0.2.8 | 160.31 | 118.35 | 278.66 | OK | |
r-patched-solaris-x86 | 0.2.8 | 388.80 | NOTE | |||
r-release-linux-x86_64 | 0.2.8 | 155.63 | 118.44 | 274.07 | OK | |
r-release-windows-ix86+x86_64 | 0.2.8 | 416.00 | 203.00 | 619.00 | NOTE | |
r-release-osx-x86_64 | 0.2.8 | NOTE | ||||
r-oldrel-windows-ix86+x86_64 | 0.2.8 | 317.00 | 254.00 | 571.00 | NOTE | |
r-oldrel-osx-x86_64 | 0.2.8 | NOTE |
Version: 0.2.8
Check: installed package size
Result: NOTE
installed size is 46.9Mb
sub-directories of 1Mb or more:
doc 1.2Mb
libs 44.8Mb
Flavors: r-devel-linux-x86_64-fedora-clang, r-devel-windows-ix86+x86_64, r-devel-windows-ix86+x86_64-gcc8, r-patched-solaris-x86, r-release-windows-ix86+x86_64, r-release-osx-x86_64, r-oldrel-windows-ix86+x86_64, r-oldrel-osx-x86_64
Version: 0.2.8
Check: top-level files
Result: NOTE
‘cleanup’: /bin/bash is not portable
Flavors: r-devel-linux-x86_64-fedora-clang, r-devel-linux-x86_64-fedora-gcc