Last updated on 2023-02-07 00:54:13 CET.
Flavor | Version | Tinstall | Tcheck | Ttotal | Status | Flags |
---|---|---|---|---|---|---|
r-devel-linux-x86_64-debian-clang | 2.8-0 | 35.91 | 212.32 | 248.23 | OK | |
r-devel-linux-x86_64-debian-gcc | 2.8-0 | 26.40 | 150.89 | 177.29 | WARN | |
r-devel-linux-x86_64-fedora-clang | 2.8-0 | 313.90 | OK | |||
r-devel-linux-x86_64-fedora-gcc | 2.8-0 | 306.99 | WARN | |||
r-devel-windows-x86_64 | 2.8-0 | 57.00 | 262.00 | 319.00 | WARN | |
r-patched-linux-x86_64 | 2.8-0 | 36.32 | 199.02 | 235.34 | OK | |
r-release-linux-x86_64 | 2.8-0 | 29.38 | 194.40 | 223.78 | OK | |
r-release-macos-arm64 | 2.8-0 | 83.00 | OK | |||
r-release-macos-x86_64 | 2.8-0 | 116.00 | OK | |||
r-release-windows-x86_64 | 2.8-0 | 49.00 | 281.00 | 330.00 | OK | |
r-oldrel-macos-arm64 | 2.8-0 | 80.00 | OK | |||
r-oldrel-macos-x86_64 | 2.8-0 | 112.00 | OK | |||
r-oldrel-windows-ix86+x86_64 | 2.8-0 | 80.00 | 351.00 | 431.00 | OK |
Version: 2.8-0
Check: whether package can be installed
Result: WARN
Found the following significant warnings:
/home/hornik/tmp/R.check/r-devel-gcc/Work/build/Packages/RcppParallel/include/tbb/concurrent_hash_map.h:343:23: warning: ‘template<class _Category, class _Tp, class _Distance, class _Pointer, class _Reference> struct std::iterator’ is deprecated [-Wdeprecated-declarations]
/home/hornik/tmp/R.check/r-devel-gcc/Work/build/Packages/RcppParallel/include/tbb/internal/_concurrent_queue_impl.h:744:21: warning: ‘template<class _Category, class _Tp, class _Distance, class _Pointer, class _Reference> struct std::iterator’ is deprecated [-Wdeprecated-declarations]
/home/hornik/tmp/R.check/r-devel-gcc/Work/build/Packages/RcppParallel/include/tbb/internal/_concurrent_queue_impl.h:1003:21: warning: ‘template<class _Category, class _Tp, class _Distance, class _Pointer, class _Reference> struct std::iterator’ is deprecated [-Wdeprecated-declarations]
/home/hornik/tmp/R.check/r-devel-gcc/Work/build/Packages/RcppParallel/include/tbb/internal/_concurrent_unordered_impl.h:67:36: warning: ‘template<class _Category, class _Tp, class _Distance, class _Pointer, class _Reference> struct std::iterator’ is deprecated [-Wdeprecated-declarations]
/home/hornik/tmp/R.check/r-devel-gcc/Work/build/Packages/RcppParallel/include/RcppParallel/RMatrix.h:18:24: warning: ‘template<class _Category, class _Tp, class _Distance, class _Pointer, class _Reference> struct std::iterator’ is deprecated [-Wdeprecated-declarations]
See ‘/home/hornik/tmp/R.check/r-devel-gcc/Work/PKGS/dbmss.Rcheck/00install.out’ for details.
* used C++ compiler: ‘g++-12 (Debian 12.2.0-14) 12.2.0’
Flavor: r-devel-linux-x86_64-debian-gcc
Version: 2.8-0
Check: whether package can be installed
Result: WARN
Found the following significant warnings:
/data/gannet/ripley/R/test-dev/RcppParallel/include/tbb/concurrent_hash_map.h:343:23: warning: ‘template<class _Category, class _Tp, class _Distance, class _Pointer, class _Reference> struct std::iterator’ is deprecated [-Wdeprecated-declarations]
/data/gannet/ripley/R/test-dev/RcppParallel/include/tbb/internal/_concurrent_queue_impl.h:744:21: warning: ‘template<class _Category, class _Tp, class _Distance, class _Pointer, class _Reference> struct std::iterator’ is deprecated [-Wdeprecated-declarations]
/data/gannet/ripley/R/test-dev/RcppParallel/include/tbb/internal/_concurrent_queue_impl.h:1003:21: warning: ‘template<class _Category, class _Tp, class _Distance, class _Pointer, class _Reference> struct std::iterator’ is deprecated [-Wdeprecated-declarations]
/data/gannet/ripley/R/test-dev/RcppParallel/include/tbb/internal/_concurrent_unordered_impl.h:67:36: warning: ‘template<class _Category, class _Tp, class _Distance, class _Pointer, class _Reference> struct std::iterator’ is deprecated [-Wdeprecated-declarations]
/data/gannet/ripley/R/test-dev/RcppParallel/include/RcppParallel/RMatrix.h:18:24: warning: ‘template<class _Category, class _Tp, class _Distance, class _Pointer, class _Reference> struct std::iterator’ is deprecated [-Wdeprecated-declarations]
See ‘/data/gannet/ripley/R/packages/tests-devel/dbmss.Rcheck/00install.out’ for details.
* used C++ compiler: ‘g++ (GCC) 12.2.1 20221121 (Red Hat 12.2.1-4)’
Flavor: r-devel-linux-x86_64-fedora-gcc
Version: 2.8-0
Check: whether package can be installed
Result: WARN
Found the following significant warnings:
D:/RCompile/CRANpkg/lib/4.3/RcppParallel/include/RcppParallel/RMatrix.h:18:24: warning: 'template<class _Category, class _Tp, class _Distance, class _Pointer, class _Reference> struct std::iterator' is deprecated [-Wdeprecated-declarations]
See 'd:/Rcompile/CRANpkg/local/4.3/dbmss.Rcheck/00install.out' for details.
* used C++ compiler: 'g++.exe (GCC) 12.2.0'
Flavor: r-devel-windows-x86_64