Last updated on 2023-03-22 05:52:23 CET.
Flavor | Version | Tinstall | Tcheck | Ttotal | Status | Flags |
---|---|---|---|---|---|---|
r-devel-linux-x86_64-debian-clang | 1.1-11 | 156.28 | 100.79 | 257.07 | NOTE | |
r-devel-linux-x86_64-debian-gcc | 1.1-11 | 113.77 | 77.10 | 190.87 | NOTE | |
r-devel-linux-x86_64-fedora-clang | 1.1-11 | 452.62 | NOTE | |||
r-devel-linux-x86_64-fedora-gcc | 1.1-11 | 358.98 | NOTE | |||
r-devel-windows-x86_64 | 1.1-11 | 162.00 | 194.00 | 356.00 | NOTE | |
r-patched-linux-x86_64 | 1.1-11 | 132.23 | 100.32 | 232.55 | OK | |
r-release-linux-x86_64 | 1.1-11 | 137.12 | 99.39 | 236.51 | OK | |
r-release-macos-arm64 | 1.1-11 | 102.00 | NOTE | |||
r-release-macos-x86_64 | 1.1-11 | 145.00 | NOTE | |||
r-release-windows-x86_64 | 1.1-11 | 138.00 | 194.00 | 332.00 | OK | |
r-oldrel-macos-arm64 | 1.1-11 | 95.00 | NOTE | |||
r-oldrel-macos-x86_64 | 1.1-11 | 153.00 | NOTE | |||
r-oldrel-windows-ix86+x86_64 | 1.1-11 | 387.00 | 199.00 | 586.00 | NOTE |
Version: 1.1-11
Check: C++ specification
Result: NOTE
Specified C++11: please drop specification unless essential
Flavors: r-devel-linux-x86_64-debian-clang, r-devel-linux-x86_64-debian-gcc, r-devel-linux-x86_64-fedora-clang, r-devel-linux-x86_64-fedora-gcc, r-devel-windows-x86_64
Version: 1.1-11
Check: installed package size
Result: NOTE
installed size is 9.7Mb
sub-directories of 1Mb or more:
doc 2.6Mb
libs 6.5Mb
Flavors: r-release-macos-arm64, r-release-macos-x86_64, r-oldrel-macos-arm64, r-oldrel-macos-x86_64, r-oldrel-windows-ix86+x86_64