Last updated on 2023-12-04 07:50:52 CET.
Flavor | Version | Tinstall | Tcheck | Ttotal | Status | Flags |
---|---|---|---|---|---|---|
r-devel-linux-x86_64-debian-clang | 0.1.0 | 55.12 | 118.38 | 173.50 | NOTE | |
r-devel-linux-x86_64-debian-gcc | 0.1.0 | 35.02 | 87.80 | 122.82 | NOTE | |
r-devel-linux-x86_64-fedora-clang | 0.1.0 | 231.56 | NOTE | |||
r-devel-linux-x86_64-fedora-gcc | 0.1.0 | 233.80 | NOTE | |||
r-devel-windows-x86_64 | 0.1.0 | 44.00 | 122.00 | 166.00 | NOTE | |
r-patched-linux-x86_64 | 0.1.0 | 33.87 | 114.35 | 148.22 | NOTE | |
r-release-linux-x86_64 | 0.1.0 | 36.63 | 114.60 | 151.23 | NOTE | |
r-release-macos-arm64 | 0.1.0 | 60.00 | NOTE | |||
r-release-macos-x86_64 | 0.1.0 | 105.00 | NOTE | |||
r-release-windows-x86_64 | 0.1.0 | 55.00 | 141.00 | 196.00 | NOTE | |
r-oldrel-macos-arm64 | 0.1.0 | 57.00 | NOTE | |||
r-oldrel-macos-x86_64 | 0.1.0 | 105.00 | NOTE | |||
r-oldrel-windows-x86_64 | 0.1.0 | 57.00 | 141.00 | 198.00 | OK |
Version: 0.1.0
Check: C++ specification
Result: NOTE
Specified C++11: please drop specification unless essential
Flavors: r-devel-linux-x86_64-debian-clang, r-devel-linux-x86_64-debian-gcc, r-devel-linux-x86_64-fedora-clang, r-devel-linux-x86_64-fedora-gcc, r-devel-windows-x86_64, r-patched-linux-x86_64, r-release-linux-x86_64, r-release-macos-arm64, r-release-macos-x86_64, r-release-windows-x86_64
Version: 0.1.0
Check: Rd \usage sections
Result: NOTE
Documented arguments not in \usage in Rd file 'a_dcc_mat_est.Rd':
‘param’
Documented arguments not in \usage in Rd file 'dcc_mat_est.Rd':
‘param’
Documented arguments not in \usage in Rd file 'deco_mat_est.Rd':
‘param’
Functions with \usage entries need to have the appropriate \alias
entries, and all their arguments documented.
The \usage entries must correspond to syntactically valid R code.
See chapter ‘Writing R documentation files’ in the ‘Writing R
Extensions’ manual.
Flavors: r-devel-linux-x86_64-debian-clang, r-devel-linux-x86_64-debian-gcc, r-devel-linux-x86_64-fedora-clang, r-devel-linux-x86_64-fedora-gcc, r-devel-windows-x86_64
Version: 0.1.0
Check: dependencies in R code
Result: NOTE
Namespaces in Imports field not imported from:
‘Rcpp’ ‘lubridate’ ‘tseries’
All declared Imports should be used.
Flavors: r-devel-linux-x86_64-fedora-clang, r-devel-linux-x86_64-fedora-gcc, r-oldrel-macos-arm64, r-oldrel-macos-x86_64