CRAN Package Check Results for Package dcov

Last updated on 2024-07-20 06:49:17 CEST.

Flavor Version Tinstall Tcheck Ttotal Status Flags
r-devel-linux-x86_64-debian-clang 0.1.1 109.03 29.91 138.94 NOTE
r-devel-linux-x86_64-debian-gcc 0.1.1 72.63 22.43 95.06 NOTE
r-devel-linux-x86_64-fedora-clang 0.1.1 283.23 NOTE
r-devel-linux-x86_64-fedora-gcc 0.1.1 279.06 NOTE
r-devel-windows-x86_64 0.1.1 93.00 64.00 157.00 NOTE
r-patched-linux-x86_64 0.1.1 110.58 27.44 138.02 NOTE
r-release-linux-x86_64 0.1.1 118.29 28.30 146.59 NOTE
r-release-macos-arm64 0.1.1 52.00 NOTE
r-release-macos-x86_64 0.1.1 48.00 NOTE
r-release-windows-x86_64 0.1.1 117.00 61.00 178.00 NOTE
r-oldrel-macos-arm64 0.1.1 61.00 NOTE
r-oldrel-macos-x86_64 0.1.1 101.00 NOTE
r-oldrel-windows-x86_64 0.1.1 145.00 71.00 216.00 NOTE

Check Details

Version: 0.1.1
Check: LazyData
Result: NOTE 'LazyData' is specified without a 'data' directory Flavors: r-devel-linux-x86_64-debian-clang, r-devel-linux-x86_64-debian-gcc, r-devel-linux-x86_64-fedora-clang, r-devel-linux-x86_64-fedora-gcc, r-devel-windows-x86_64, r-patched-linux-x86_64, r-release-linux-x86_64, r-release-macos-arm64, r-release-macos-x86_64, r-release-windows-x86_64, r-oldrel-macos-arm64, r-oldrel-macos-x86_64, r-oldrel-windows-x86_64