Last updated on 2023-06-07 06:57:45 CEST.
Flavor | Version | Tinstall | Tcheck | Ttotal | Status | Flags |
---|---|---|---|---|---|---|
r-devel-linux-x86_64-debian-clang | 1.3.13 | 193.74 | 136.45 | 330.19 | NOTE | |
r-devel-linux-x86_64-debian-gcc | 1.3.13 | 134.76 | 103.70 | 238.46 | NOTE | |
r-devel-linux-x86_64-fedora-clang | 1.3.13 | 476.44 | NOTE | |||
r-devel-linux-x86_64-fedora-gcc | 1.3.13 | 432.55 | NOTE | |||
r-devel-windows-x86_64 | 1.3.13 | 144.00 | 155.00 | 299.00 | NOTE | |
r-patched-linux-x86_64 | 1.3.13 | 153.79 | 131.32 | 285.11 | NOTE | |
r-release-linux-x86_64 | 1.3.13 | 140.78 | 130.36 | 271.14 | NOTE | |
r-release-macos-arm64 | 1.3.13 | 100.00 | NOTE | |||
r-release-macos-x86_64 | 1.3.13 | 179.00 | NOTE | |||
r-release-windows-x86_64 | 1.3.13 | 184.00 | 184.00 | 368.00 | NOTE | |
r-oldrel-macos-arm64 | 1.3.13 | 106.00 | OK | |||
r-oldrel-macos-x86_64 | 1.3.13 | 135.00 | OK | |||
r-oldrel-windows-x86_64 | 1.3.13 | 177.00 | 173.00 | 350.00 | OK |
Version: 1.3.13
Check: C++ specification
Result: NOTE
Specified C++11: please drop specification unless essential
Flavors: r-devel-linux-x86_64-debian-clang, r-devel-linux-x86_64-debian-gcc, r-devel-linux-x86_64-fedora-clang, r-devel-linux-x86_64-fedora-gcc, r-devel-windows-x86_64, r-patched-linux-x86_64, r-release-linux-x86_64, r-release-macos-arm64, r-release-macos-x86_64, r-release-windows-x86_64
Version: 1.3.13
Check: Rd cross-references
Result: NOTE
Undeclared package ‘fda.usc’ in Rd xrefs
Flavor: r-devel-linux-x86_64-fedora-clang