CRAN Package Check Results for Package ddml

Last updated on 2024-06-13 06:57:58 CEST.

Flavor Version Tinstall Tcheck Ttotal Status Flags
r-devel-linux-x86_64-debian-clang 0.2.1 4.65 113.29 117.94 OK
r-devel-linux-x86_64-debian-gcc 0.2.1 0.41 1.85 2.26 ERROR
r-devel-linux-x86_64-fedora-clang 0.2.1 143.48 OK
r-devel-linux-x86_64-fedora-gcc 0.2.1 150.07 OK
r-devel-windows-x86_64 0.2.1 6.00 100.00 106.00 OK
r-patched-linux-x86_64 0.2.1 4.54 109.29 113.83 OK
r-release-linux-x86_64 0.2.1 3.47 110.74 114.21 OK
r-release-macos-arm64 0.2.1 49.00 OK
r-release-macos-x86_64 0.2.1 70.00 OK
r-release-windows-x86_64 0.2.1 5.00 105.00 110.00 OK
r-oldrel-macos-arm64 0.2.1 52.00 OK
r-oldrel-macos-x86_64 0.2.1 141.00 OK
r-oldrel-windows-x86_64 0.2.1 6.00 115.00 121.00 OK

Check Details

Version: 0.2.1
Check: package dependencies
Result: ERROR Package required but not available: ‘AER’ Package suggested but not available for checking: ‘testthat’ See section ‘The DESCRIPTION file’ in the ‘Writing R Extensions’ manual. Flavor: r-devel-linux-x86_64-debian-gcc