CRAN Package Check Results for Package ddpcr

Last updated on 2020-06-04 02:47:58 CEST.

Flavor Version Tinstall Tcheck Ttotal Status Flags
r-devel-linux-x86_64-debian-clang 1.15 7.71 134.88 142.59 OK
r-devel-linux-x86_64-debian-gcc 1.15 6.34 100.71 107.05 OK
r-devel-linux-x86_64-fedora-clang 1.15 178.07 OK
r-devel-linux-x86_64-fedora-gcc 1.15 174.92 OK
r-devel-windows-ix86+x86_64 1.14 26.00 231.00 257.00 WARN
r-patched-linux-x86_64 1.15 7.66 132.70 140.36 OK
r-patched-solaris-x86 1.14 242.80 NOTE
r-release-linux-x86_64 1.14 8.04 135.83 143.87 WARN
r-release-osx-x86_64 1.14 OK
r-release-windows-ix86+x86_64 1.15 17.00 154.00 171.00 OK
r-oldrel-osx-x86_64 1.15 OK
r-oldrel-windows-ix86+x86_64 1.14 18.00 209.00 227.00 WARN

Check Details

Version: 1.14
Check: whether package can be installed
Result: WARN
    Found the following significant warnings:
     Warning: `mutate_()` is deprecated as of dplyr 0.7.0.
     Warning: `select_()` is deprecated as of dplyr 0.7.0.
Flavors: r-devel-windows-ix86+x86_64, r-release-linux-x86_64, r-oldrel-windows-ix86+x86_64

Version: 1.14
Check: installed package size
Result: NOTE
     installed size is 5.8Mb
     sub-directories of 1Mb or more:
     sample_data 3.6Mb
Flavor: r-patched-solaris-x86