CRAN Package Check Results for Package ddpcr

Last updated on 2020-10-20 01:47:46 CEST.

Flavor Version Tinstall Tcheck Ttotal Status Flags
r-devel-linux-x86_64-debian-clang 1.15 7.83 137.17 145.00 OK
r-devel-linux-x86_64-debian-gcc 1.15 6.03 101.27 107.30 OK
r-devel-linux-x86_64-fedora-clang 1.15 179.03 OK
r-devel-linux-x86_64-fedora-gcc 1.15 169.64 OK
r-devel-windows-ix86+x86_64 1.15 11.00 148.00 159.00 OK
r-patched-linux-x86_64 1.15 7.05 131.22 138.27 OK
r-patched-solaris-x86 1.15 235.20 NOTE
r-release-linux-x86_64 1.15 7.14 131.08 138.22 OK
r-release-macos-x86_64 1.15 OK
r-release-windows-ix86+x86_64 1.15 12.00 143.00 155.00 OK
r-oldrel-macos-x86_64 1.15 OK
r-oldrel-windows-ix86+x86_64 1.15 9.00 135.00 144.00 OK

Check Details

Version: 1.15
Check: installed package size
Result: NOTE
     installed size is 5.7Mb
     sub-directories of 1Mb or more:
     sample_data 3.6Mb
Flavor: r-patched-solaris-x86