CRAN Package Check Results for Package ddpcr

Last updated on 2019-10-23 01:46:17 CEST.

Flavor Version Tinstall Tcheck Ttotal Status Flags
r-devel-linux-x86_64-debian-clang 1.11 7.01 105.45 112.46 OK
r-devel-linux-x86_64-debian-gcc 1.11 5.03 79.95 84.98 OK
r-devel-linux-x86_64-fedora-clang 1.11 133.82 OK
r-devel-linux-x86_64-fedora-gcc 1.11 132.88 OK
r-devel-windows-ix86+x86_64 1.11 17.00 189.00 206.00 OK
r-patched-linux-x86_64 1.11 6.73 102.91 109.64 OK
r-patched-solaris-x86 1.11 192.80 NOTE
r-release-linux-x86_64 1.11 5.91 104.27 110.18 OK
r-release-windows-ix86+x86_64 1.11 21.00 133.00 154.00 OK
r-release-osx-x86_64 1.11 OK
r-oldrel-windows-ix86+x86_64 1.11 13.00 186.00 199.00 OK
r-oldrel-osx-x86_64 1.11 OK

Check Details

Version: 1.11
Check: installed package size
Result: NOTE
     installed size is 5.7Mb
     sub-directories of 1Mb or more:
     sample_data 3.6Mb
Flavor: r-patched-solaris-x86