Last updated on 2023-12-03 08:50:04 CET.
Flavor | Version | Tinstall | Tcheck | Ttotal | Status | Flags |
---|---|---|---|---|---|---|
r-devel-linux-x86_64-debian-clang | 0.0.1 | 2.19 | 23.76 | 25.95 | NOTE | |
r-devel-linux-x86_64-debian-gcc | 0.0.1 | 1.63 | 18.73 | 20.36 | NOTE | |
r-devel-linux-x86_64-fedora-clang | 0.0.1 | 34.54 | NOTE | |||
r-devel-linux-x86_64-fedora-gcc | 0.0.1 | 43.26 | NOTE | |||
r-devel-windows-x86_64 | 0.0.1 | 2.00 | 41.00 | 43.00 | NOTE | |
r-patched-linux-x86_64 | 0.0.1 | 2.02 | 23.77 | 25.79 | NOTE | |
r-release-linux-x86_64 | 0.0.1 | 2.25 | 23.47 | 25.72 | NOTE | |
r-release-macos-arm64 | 0.0.1 | 23.00 | NOTE | |||
r-release-macos-x86_64 | 0.0.1 | 31.00 | NOTE | |||
r-release-windows-x86_64 | 0.0.1 | 4.00 | 42.00 | 46.00 | NOTE | |
r-oldrel-macos-arm64 | 0.0.1 | 17.00 | NOTE | |||
r-oldrel-macos-x86_64 | 0.0.1 | 22.00 | NOTE | |||
r-oldrel-windows-x86_64 | 0.0.1 | 4.00 | 43.00 | 47.00 | NOTE |
Version: 0.0.1
Check: LazyData
Result: NOTE
'LazyData' is specified without a 'data' directory
Flavors: r-devel-linux-x86_64-debian-clang, r-devel-linux-x86_64-debian-gcc, r-devel-linux-x86_64-fedora-clang, r-devel-linux-x86_64-fedora-gcc, r-devel-windows-x86_64, r-patched-linux-x86_64, r-release-linux-x86_64, r-release-macos-arm64, r-release-macos-x86_64, r-release-windows-x86_64, r-oldrel-macos-arm64, r-oldrel-macos-x86_64, r-oldrel-windows-x86_64