CRAN Package Check Results for Package decor

Last updated on 2021-09-19 01:50:16 CEST.

Flavor Version Tinstall Tcheck Ttotal Status Flags
r-devel-linux-x86_64-debian-clang 1.0.0 4.62 33.55 38.17 NOTE
r-devel-linux-x86_64-debian-gcc 1.0.0 3.63 25.53 29.16 NOTE
r-devel-linux-x86_64-fedora-clang 1.0.0 55.24 NOTE
r-devel-linux-x86_64-fedora-gcc 1.0.0 43.57 NOTE
r-devel-windows-x86_64 1.0.0 7.00 55.00 62.00 NOTE
r-devel-windows-x86_64-gcc10-UCRT 1.0.0 NOTE
r-patched-linux-x86_64 1.0.0 4.58 31.76 36.34 NOTE
r-patched-solaris-x86 1.0.0 67.80 NOTE
r-release-linux-x86_64 1.0.0 4.13 31.53 35.66 NOTE
r-release-macos-arm64 1.0.0 NOTE
r-release-macos-x86_64 1.0.0 NOTE
r-release-windows-ix86+x86_64 1.0.0 12.00 52.00 64.00 NOTE
r-oldrel-macos-x86_64 1.0.0 OK
r-oldrel-windows-ix86+x86_64 1.0.0 14.00 54.00 68.00 OK

Check Details

Version: 1.0.0
Check: LazyData
Result: NOTE
     'LazyData' is specified without a 'data' directory
Flavors: r-devel-linux-x86_64-debian-clang, r-devel-linux-x86_64-debian-gcc, r-devel-linux-x86_64-fedora-clang, r-devel-linux-x86_64-fedora-gcc, r-devel-windows-x86_64, r-devel-windows-x86_64-gcc10-UCRT, r-patched-linux-x86_64, r-patched-solaris-x86, r-release-linux-x86_64, r-release-macos-arm64, r-release-macos-x86_64, r-release-windows-ix86+x86_64