Last updated on 2023-02-07 00:54:13 CET.
Flavor | Version | Tinstall | Tcheck | Ttotal | Status | Flags |
---|---|---|---|---|---|---|
r-devel-linux-x86_64-debian-clang | 0.1.1 | 6.87 | 64.04 | 70.91 | OK | |
r-devel-linux-x86_64-debian-gcc | 0.1.1 | 5.67 | 47.72 | 53.39 | OK | |
r-devel-linux-x86_64-fedora-clang | 0.1.1 | 95.61 | NOTE | |||
r-devel-linux-x86_64-fedora-gcc | 0.1.1 | 85.28 | NOTE | |||
r-devel-windows-x86_64 | 0.1.1 | 23.00 | 92.00 | 115.00 | OK | |
r-patched-linux-x86_64 | 0.1.1 | 7.75 | 63.63 | 71.38 | OK | |
r-release-linux-x86_64 | 0.1.1 | 7.14 | 63.40 | 70.54 | OK | |
r-release-macos-arm64 | 0.1.1 | 31.00 | NOTE | |||
r-release-macos-x86_64 | 0.1.1 | 53.00 | NOTE | |||
r-release-windows-x86_64 | 0.1.1 | 18.00 | 102.00 | 120.00 | OK | |
r-oldrel-macos-arm64 | 0.1.1 | 40.00 | NOTE | |||
r-oldrel-macos-x86_64 | 0.1.1 | 57.00 | NOTE | |||
r-oldrel-windows-ix86+x86_64 | 0.1.1 | 18.00 | 97.00 | 115.00 | OK |
Version: 0.1.1
Check: dependencies in R code
Result: NOTE
Namespace in Imports field not imported from: ‘dplyr’
All declared Imports should be used.
Flavors: r-devel-linux-x86_64-fedora-clang, r-devel-linux-x86_64-fedora-gcc, r-release-macos-arm64, r-release-macos-x86_64, r-oldrel-macos-arm64, r-oldrel-macos-x86_64