Last updated on 2023-12-05 07:48:28 CET.
Flavor | Version | Tinstall | Tcheck | Ttotal | Status | Flags |
---|---|---|---|---|---|---|
r-devel-linux-x86_64-debian-clang | 1.2 | 6.27 | 78.98 | 85.25 | NOTE | |
r-devel-linux-x86_64-debian-gcc | 1.2 | 7.12 | 60.48 | 67.60 | NOTE | |
r-devel-linux-x86_64-fedora-clang | 1.2 | 112.58 | OK | |||
r-devel-linux-x86_64-fedora-gcc | 1.2 | 106.02 | OK | |||
r-devel-windows-x86_64 | 1.2 | 9.00 | 79.00 | 88.00 | OK | |
r-patched-linux-x86_64 | 1.2 | 7.81 | 78.83 | 86.64 | OK | |
r-release-linux-x86_64 | 1.2 | 9.31 | 76.64 | 85.95 | OK | |
r-release-macos-arm64 | 1.2 | 36.00 | OK | |||
r-release-macos-x86_64 | 1.2 | 85.00 | OK | |||
r-release-windows-x86_64 | 1.2 | 10.00 | 91.00 | 101.00 | OK | |
r-oldrel-macos-arm64 | 1.2 | 31.00 | OK | |||
r-oldrel-macos-x86_64 | 1.2 | 54.00 | OK | |||
r-oldrel-windows-x86_64 | 1.2 | 10.00 | 90.00 | 100.00 | OK |
Version: 1.2
Check: Rd files
Result: NOTE
checkRd: (-1) deepNN-package.Rd:18: Lost braces
18 | section{Dependencies}{
| ^
checkRd: (-1) deepNN-package.Rd:18-21: Lost braces
18 | section{Dependencies}{
| ^
checkRd: (-1) deepNN-package.Rd:23: Lost braces
23 | section{Citation}{
| ^
checkRd: (-1) deepNN-package.Rd:23-25: Lost braces
23 | section{Citation}{
| ^
checkRd: (-1) deepNN-package.Rd:27-38: Lost braces
27 | references{
| ^
Flavors: r-devel-linux-x86_64-debian-clang, r-devel-linux-x86_64-debian-gcc