CRAN Package Check Results for Package deflateBR

Last updated on 2022-07-05 01:52:08 CEST.

Flavor Version Tinstall Tcheck Ttotal Status Flags
r-devel-linux-x86_64-debian-clang 1.1.2 3.21 31.23 34.44 NOTE
r-devel-linux-x86_64-debian-gcc 1.1.2 2.28 24.37 26.65 NOTE
r-devel-linux-x86_64-fedora-clang 1.1.2 51.88 NOTE
r-devel-linux-x86_64-fedora-gcc 1.1.2 50.82 NOTE
r-devel-windows-x86_64 1.1.2 16.00 54.00 70.00 NOTE
r-patched-linux-x86_64 1.1.2 3.38 30.29 33.67 NOTE
r-release-linux-x86_64 1.1.2 3.32 30.47 33.79 NOTE
r-release-macos-arm64 1.1.2 18.00 NOTE
r-release-macos-x86_64 1.1.2 30.00 NOTE
r-release-windows-x86_64 1.1.2 20.00 60.00 80.00 NOTE
r-oldrel-macos-arm64 1.1.2 24.00 NOTE
r-oldrel-macos-x86_64 1.1.2 33.00 NOTE
r-oldrel-windows-ix86+x86_64 1.1.2 8.00 49.00 57.00 NOTE

Check Details

Version: 1.1.2
Check: LazyData
Result: NOTE
     'LazyData' is specified without a 'data' directory
Flavors: r-devel-linux-x86_64-debian-clang, r-devel-linux-x86_64-debian-gcc, r-devel-linux-x86_64-fedora-clang, r-devel-linux-x86_64-fedora-gcc, r-devel-windows-x86_64, r-patched-linux-x86_64, r-release-linux-x86_64, r-release-macos-arm64, r-release-macos-x86_64, r-release-windows-x86_64, r-oldrel-macos-arm64, r-oldrel-macos-x86_64, r-oldrel-windows-ix86+x86_64