CRAN Package Check Results for Package delt

Last updated on 2021-08-01 01:51:41 CEST.

Flavor Version Tinstall Tcheck Ttotal Status Flags
r-devel-linux-x86_64-debian-clang 0.8.2 12.67 68.93 81.60 NOTE
r-devel-linux-x86_64-debian-gcc 0.8.2 9.93 52.69 62.62 NOTE
r-devel-linux-x86_64-fedora-clang 0.8.2 104.76 NOTE
r-devel-linux-x86_64-fedora-gcc 0.8.2 94.70 NOTE
r-devel-windows-x86_64 0.8.2 15.00 81.00 96.00 NOTE
r-devel-windows-x86_64-gcc10-UCRT 0.8.2 NOTE
r-patched-linux-x86_64 0.8.2 NOTE
r-patched-solaris-x86 0.8.2 117.30 NOTE
r-release-linux-x86_64 0.8.2 11.53 66.79 78.32 NOTE
r-release-macos-arm64 0.8.2 NOTE
r-release-macos-x86_64 0.8.2 NOTE
r-release-windows-ix86+x86_64 0.8.2 19.00 74.00 93.00 NOTE
r-oldrel-macos-x86_64 0.8.2 NOTE
r-oldrel-windows-ix86+x86_64 0.8.2 19.00 73.00 92.00 NOTE

Check Details

Version: 0.8.2
Check: R code for possible problems
Result: NOTE
    bootbagg: no visible global function definition for 'runif'
    bootworpl: no visible global function definition for 'runif'
    des12: no visible global function definition for 'rnorm'
    des12: no visible global function definition for 'runif'
    eval.stage.gauss: no visible global function definition for 'var'
    plotparti: no visible global function definition for 'lines'
    plotpartilev: no visible global function definition for 'polygon'
    plotpartilev: no visible global function definition for 'points'
    simesi: no visible global function definition for 'runif'
    simesi3d: no visible global function definition for 'runif'
    simfssk: no visible global function definition for 'rnorm'
    simfssk: no visible global function definition for 'runif'
    simmix.delt: no visible global function definition for 'rnorm'
    simmix.delt: no visible global function definition for 'runif'
    simpp: no visible global function definition for 'rnorm'
    simpp: no visible global function definition for 'runif'
    simutree: no visible global function definition for 'runif'
    stage.gaussR: no visible global function definition for 'var'
    unidis: no visible global function definition for 'runif'
    Undefined global functions or variables:
     lines points polygon rnorm runif var
    Consider adding
     importFrom("graphics", "lines", "points", "polygon")
     importFrom("stats", "rnorm", "runif", "var")
    to your NAMESPACE file.
Flavors: r-devel-linux-x86_64-debian-clang, r-devel-linux-x86_64-debian-gcc, r-devel-linux-x86_64-fedora-clang, r-devel-linux-x86_64-fedora-gcc, r-devel-windows-x86_64, r-devel-windows-x86_64-gcc10-UCRT, r-patched-linux-x86_64, r-patched-solaris-x86, r-release-linux-x86_64, r-release-macos-arm64, r-release-macos-x86_64, r-release-windows-ix86+x86_64, r-oldrel-macos-x86_64, r-oldrel-windows-ix86+x86_64

Version: 0.8.2
Check: compiled code
Result: NOTE
    File ‘delt/libs/delt.so’:
     Found no calls to: ‘R_registerRoutines’, ‘R_useDynamicSymbols’
    
    It is good practice to register native routines and to disable symbol
    search.
    
    See ‘Writing portable packages’ in the ‘Writing R Extensions’ manual.
Flavors: r-devel-linux-x86_64-fedora-clang, r-devel-linux-x86_64-fedora-gcc