CRAN Package Check Results for Package demography

Last updated on 2022-08-13 02:51:28 CEST.

Flavor Version Tinstall Tcheck Ttotal Status Flags
r-devel-linux-x86_64-debian-clang 1.22 26.50 254.56 281.06 NOTE
r-devel-linux-x86_64-debian-gcc 1.22 22.02 185.38 207.40 NOTE
r-devel-linux-x86_64-fedora-clang 1.22 349.62 NOTE
r-devel-linux-x86_64-fedora-gcc 1.22 348.72 NOTE
r-devel-windows-x86_64 1.22 60.00 268.00 328.00 NOTE
r-patched-linux-x86_64 1.22 21.89 237.98 259.87 OK
r-release-linux-x86_64 1.22 24.09 237.36 261.45 OK
r-release-macos-arm64 1.22 91.00 OK
r-release-macos-x86_64 1.22 155.00 OK
r-release-windows-x86_64 1.22 72.00 268.00 340.00 OK
r-oldrel-macos-arm64 1.22 77.00 OK
r-oldrel-macos-x86_64 1.22 146.00 OK
r-oldrel-windows-ix86+x86_64 1.22 59.00 271.00 330.00 OK

Check Details

Version: 1.22
Check: Rd files
Result: NOTE
    checkRd: (-1) lifetable.Rd:15: Escaped LaTeX specials: \$
Flavors: r-devel-linux-x86_64-debian-clang, r-devel-linux-x86_64-debian-gcc, r-devel-linux-x86_64-fedora-clang, r-devel-linux-x86_64-fedora-gcc, r-devel-windows-x86_64