Last updated on 2023-12-05 07:48:29 CET.
Flavor | Version | Tinstall | Tcheck | Ttotal | Status | Flags |
---|---|---|---|---|---|---|
r-devel-linux-x86_64-debian-clang | 0.3.0 | 55.74 | 81.21 | 136.95 | NOTE | |
r-devel-linux-x86_64-debian-gcc | 0.3.0 | 42.85 | 60.24 | 103.09 | NOTE | |
r-devel-linux-x86_64-fedora-clang | 0.3.0 | 180.45 | NOTE | |||
r-devel-linux-x86_64-fedora-gcc | 0.3.0 | 177.73 | NOTE | |||
r-devel-windows-x86_64 | 0.3.0 | 43.00 | 102.00 | 145.00 | NOTE | |
r-patched-linux-x86_64 | 0.3.0 | 52.60 | 77.29 | 129.89 | NOTE | |
r-release-linux-x86_64 | 0.3.0 | 44.66 | 77.68 | 122.34 | NOTE | |
r-release-macos-arm64 | 0.3.0 | 50.00 | NOTE | |||
r-release-macos-x86_64 | 0.3.0 | 82.00 | NOTE | |||
r-release-windows-x86_64 | 0.3.0 | 54.00 | 119.00 | 173.00 | NOTE | |
r-oldrel-macos-arm64 | 0.3.0 | 50.00 | NOTE | |||
r-oldrel-macos-x86_64 | 0.3.0 | 89.00 | NOTE | |||
r-oldrel-windows-x86_64 | 0.3.0 | 51.00 | 111.00 | 162.00 | NOTE |
Version: 0.3.0
Check: LazyData
Result: NOTE
'LazyData' is specified without a 'data' directory
Flavors: r-devel-linux-x86_64-debian-clang, r-devel-linux-x86_64-debian-gcc, r-devel-linux-x86_64-fedora-clang, r-devel-linux-x86_64-fedora-gcc, r-devel-windows-x86_64, r-patched-linux-x86_64, r-release-linux-x86_64, r-release-macos-arm64, r-release-macos-x86_64, r-release-windows-x86_64, r-oldrel-macos-arm64, r-oldrel-macos-x86_64, r-oldrel-windows-x86_64