CRAN Package Check Results for Package dendextend

Last updated on 2020-01-25 00:55:27 CET.

Flavor Version Tinstall Tcheck Ttotal Status Flags
r-devel-linux-x86_64-debian-clang 1.13.2 12.58 241.62 254.20 OK
r-devel-linux-x86_64-debian-gcc 1.13.2 9.95 229.10 239.05 OK
r-devel-linux-x86_64-fedora-clang 1.13.2 366.79 NOTE
r-devel-linux-x86_64-fedora-gcc 1.13.2 370.47 OK
r-devel-windows-ix86+x86_64 1.13.2 37.00 402.00 439.00 NOTE
r-devel-windows-ix86+x86_64-gcc8 1.13.2 35.00 359.00 394.00 NOTE
r-patched-linux-x86_64 1.13.2 11.34 270.62 281.96 OK
r-patched-solaris-x86 1.13.2 428.80 NOTE
r-release-linux-x86_64 1.13.2 11.03 268.31 279.34 OK
r-release-windows-ix86+x86_64 1.13.2 20.00 265.00 285.00 NOTE
r-release-osx-x86_64 1.13.2 NOTE
r-oldrel-windows-ix86+x86_64 1.13.2 16.00 255.00 271.00 NOTE
r-oldrel-osx-x86_64 1.13.2 NOTE

Check Details

Version: 1.13.2
Check: package dependencies
Result: NOTE
    Suggests orphaned packages:
     ‘d3heatmap’ ‘gplots’
Flavor: r-devel-linux-x86_64-fedora-clang

Version: 1.13.2
Check: installed package size
Result: NOTE
     installed size is 6.9Mb
     sub-directories of 1Mb or more:
     doc 5.7Mb
Flavors: r-devel-linux-x86_64-fedora-clang, r-devel-windows-ix86+x86_64, r-devel-windows-ix86+x86_64-gcc8, r-patched-solaris-x86, r-release-windows-ix86+x86_64, r-release-osx-x86_64, r-oldrel-windows-ix86+x86_64, r-oldrel-osx-x86_64

Version: 1.13.2
Check: Rd cross-references
Result: NOTE
    Package unavailable to check Rd xrefs: ‘WGCNA’
Flavor: r-release-osx-x86_64