CRAN Package Check Results for Package depmixS4

Last updated on 2021-03-05 00:48:35 CET.

Flavor Version Tinstall Tcheck Ttotal Status Flags
r-devel-linux-x86_64-debian-clang 1.4-2 9.60 122.26 131.86 NOTE
r-devel-linux-x86_64-debian-gcc 1.4-2 7.78 85.17 92.95 NOTE
r-devel-linux-x86_64-fedora-clang 1.4-2 168.48 NOTE
r-devel-linux-x86_64-fedora-gcc 1.4-2 154.39 NOTE
r-devel-windows-ix86+x86_64 1.4-2 24.00 201.00 225.00 NOTE
r-patched-linux-x86_64 1.4-2 NOTE
r-patched-solaris-x86 1.4-2 204.30 NOTE
r-release-linux-x86_64 1.4-2 9.70 114.56 124.26 NOTE
r-release-macos-x86_64 1.4-2 NOTE
r-release-windows-ix86+x86_64 1.4-2 18.00 192.00 210.00 NOTE
r-oldrel-macos-x86_64 1.4-2 NOTE
r-oldrel-windows-ix86+x86_64 1.4-2 18.00 194.00 212.00 NOTE

Check Details

Version: 1.4-2
Check: package dependencies
Result: NOTE
    Package suggested but not available for checking: 'Rdonlp2'
Flavors: r-devel-linux-x86_64-debian-clang, r-devel-linux-x86_64-debian-gcc, r-devel-linux-x86_64-fedora-clang, r-devel-linux-x86_64-fedora-gcc, r-devel-windows-ix86+x86_64, r-patched-linux-x86_64, r-patched-solaris-x86, r-release-linux-x86_64, r-release-macos-x86_64, r-release-windows-ix86+x86_64, r-oldrel-macos-x86_64, r-oldrel-windows-ix86+x86_64