CRAN Package Check Results for Package depthTools

Last updated on 2021-04-19 02:46:44 CEST.

Flavor Version Tinstall Tcheck Ttotal Status Flags
r-devel-linux-x86_64-debian-clang 0.5 2.95 26.59 29.54 OK
r-devel-linux-x86_64-debian-gcc 0.5 2.14 20.49 22.63 OK
r-devel-linux-x86_64-fedora-clang 0.5 43.99 OK
r-devel-linux-x86_64-fedora-gcc 0.5 34.64 OK
r-devel-windows-ix86+x86_64 0.5 5.00 37.00 42.00 OK
r-devel-windows-x86_64-gcc10-UCRT 0.5 OK
r-patched-linux-x86_64 0.5 2.79 25.00 27.79 OK
r-patched-solaris-x86 0.5 49.90 OK
r-release-linux-x86_64 0.5 2.80 25.06 27.86 OK
r-release-macos-x86_64 0.5 OK
r-release-windows-ix86+x86_64 0.5 5.00 28.00 33.00 OK
r-oldrel-macos-x86_64 0.5 NOTE
r-oldrel-windows-ix86+x86_64 0.5 5.00 40.00 45.00 NOTE

Check Details

Version: 0.5
Check: R code for possible problems
Result: NOTE
    scalecurve: no visible global function definition for ‘plot’
    Undefined global functions or variables:
     plot
    Consider adding
     importFrom("graphics", "plot")
    to your NAMESPACE file.
Flavors: r-oldrel-macos-x86_64, r-oldrel-windows-ix86+x86_64