CRAN Package Check Results for Package derivmkts

Last updated on 2021-12-03 00:48:38 CET.

Flavor Version Tinstall Tcheck Ttotal Status Flags
r-devel-linux-x86_64-debian-clang 0.2.4 4.63 57.11 61.74 NOTE
r-devel-linux-x86_64-debian-gcc 0.2.4 3.35 44.06 47.41 NOTE
r-devel-linux-x86_64-fedora-clang 0.2.4 86.13 NOTE
r-devel-linux-x86_64-fedora-gcc 0.2.4 73.47 NOTE
r-devel-windows-x86_64-new-UL 0.2.4 14.00 142.00 156.00 NOTE
r-devel-windows-x86_64-new-TK 0.2.4 NOTE
r-devel-windows-x86_64-old 0.2.4 9.00 72.00 81.00 NOTE
r-patched-linux-x86_64 0.2.4 4.95 52.86 57.81 NOTE
r-patched-solaris-x86 0.2.4 82.80 NOTE
r-release-linux-x86_64 0.2.4 4.37 53.10 57.47 NOTE
r-release-macos-arm64 0.2.4 NOTE
r-release-macos-x86_64 0.2.4 NOTE
r-release-windows-ix86+x86_64 0.2.4 10.00 92.00 102.00 NOTE
r-oldrel-macos-x86_64 0.2.4 OK
r-oldrel-windows-ix86+x86_64 0.2.4 10.00 92.00 102.00 OK

Check Details

Version: 0.2.4
Check: LazyData
Result: NOTE
     'LazyData' is specified without a 'data' directory
Flavors: r-devel-linux-x86_64-debian-clang, r-devel-linux-x86_64-debian-gcc, r-devel-linux-x86_64-fedora-clang, r-devel-linux-x86_64-fedora-gcc, r-devel-windows-x86_64-new-UL, r-devel-windows-x86_64-new-TK, r-devel-windows-x86_64-old, r-patched-linux-x86_64, r-patched-solaris-x86, r-release-linux-x86_64, r-release-macos-arm64, r-release-macos-x86_64, r-release-windows-ix86+x86_64