Last updated on 2022-08-14 01:49:12 CEST.
Flavor | Version | Tinstall | Tcheck | Ttotal | Status | Flags |
---|---|---|---|---|---|---|
r-devel-linux-x86_64-debian-clang | 0.3.1 | 6.99 | 97.09 | 104.08 | NOTE | |
r-devel-linux-x86_64-debian-gcc | 0.3.1 | 5.12 | 67.17 | 72.29 | NOTE | |
r-devel-linux-x86_64-fedora-clang | 0.3.1 | 129.14 | NOTE | |||
r-devel-linux-x86_64-fedora-gcc | 0.3.1 | 132.13 | NOTE | |||
r-devel-windows-x86_64 | 0.3.1 | 38.00 | 110.00 | 148.00 | NOTE | |
r-patched-linux-x86_64 | 0.3.1 | 6.25 | 84.30 | 90.55 | NOTE | |
r-release-linux-x86_64 | 0.3.1 | 5.37 | 83.22 | 88.59 | NOTE | |
r-release-macos-arm64 | 0.3.1 | 25.00 | NOTE | |||
r-release-macos-x86_64 | 0.3.1 | 46.00 | NOTE | |||
r-release-windows-x86_64 | 0.3.1 | 26.00 | 106.00 | 132.00 | NOTE | |
r-oldrel-macos-arm64 | 0.3.1 | 34.00 | NOTE | |||
r-oldrel-macos-x86_64 | 0.3.1 | 50.00 | NOTE | |||
r-oldrel-windows-ix86+x86_64 | 0.3.1 | 12.00 | 113.00 | 125.00 | NOTE |
Version: 0.3.1
Check: package dependencies
Result: NOTE
Package which this enhances but not available for checking: 'gurobi'
Flavors: r-devel-linux-x86_64-debian-clang, r-devel-linux-x86_64-debian-gcc, r-patched-linux-x86_64, r-release-linux-x86_64
Version: 0.3.1
Check: package dependencies
Result: NOTE
Packages which this enhances but not available for checking:
'gurobi', 'Rcplex'
Flavors: r-devel-linux-x86_64-fedora-clang, r-devel-linux-x86_64-fedora-gcc, r-devel-windows-x86_64, r-release-macos-arm64, r-release-macos-x86_64, r-release-windows-x86_64, r-oldrel-macos-x86_64, r-oldrel-windows-ix86+x86_64
Version: 0.3.1
Check: package dependencies
Result: NOTE
Packages which this enhances but not available for checking:
'gurobi', 'Rcplex', 'Rsymphony'
Flavor: r-oldrel-macos-arm64