CRAN Package Check Results for Package designmatch

Last updated on 2020-07-06 01:54:00 CEST.

Flavor Version Tinstall Tcheck Ttotal Status Flags
r-devel-linux-x86_64-debian-clang 0.3.1 5.91 47.39 53.30 NOTE
r-devel-linux-x86_64-debian-gcc 0.3.1 4.62 36.56 41.18 NOTE
r-devel-linux-x86_64-fedora-clang 0.3.1 72.56 NOTE
r-devel-linux-x86_64-fedora-gcc 0.3.1 63.65 NOTE
r-devel-windows-ix86+x86_64 0.3.1 23.00 80.00 103.00 NOTE
r-patched-linux-x86_64 0.3.1 6.25 47.89 54.14 NOTE
r-patched-solaris-x86 0.3.1 105.30 NOTE
r-release-linux-x86_64 0.3.1 6.89 46.85 53.74 NOTE
r-release-osx-x86_64 0.3.1 NOTE
r-release-windows-ix86+x86_64 0.3.1 10.00 57.00 67.00 NOTE
r-oldrel-osx-x86_64 0.3.1 NOTE
r-oldrel-windows-ix86+x86_64 0.3.1 11.00 78.00 89.00 NOTE

Check Details

Version: 0.3.1
Check: package dependencies
Result: NOTE
    Package which this enhances but not available for checking: 'gurobi'
Flavors: r-devel-linux-x86_64-debian-clang, r-devel-linux-x86_64-debian-gcc, r-patched-linux-x86_64, r-release-linux-x86_64

Version: 0.3.1
Check: package dependencies
Result: NOTE
    Packages which this enhances but not available for checking:
     'gurobi', 'Rcplex'
Flavors: r-devel-linux-x86_64-fedora-clang, r-devel-linux-x86_64-fedora-gcc, r-devel-windows-ix86+x86_64, r-release-windows-ix86+x86_64, r-oldrel-windows-ix86+x86_64

Version: 0.3.1
Check: package dependencies
Result: NOTE
    Packages which this enhances but not available for checking:
     'gurobi', 'Rcplex', 'Rmosek', 'Rsymphony'
Flavor: r-patched-solaris-x86

Version: 0.3.1
Check: package dependencies
Result: NOTE
    Packages which this enhances but not available for checking:
     'gurobi', 'Rcplex', 'Rsymphony'
Flavors: r-release-osx-x86_64, r-oldrel-osx-x86_64