CRAN Package Check Results for Package detrendr

Last updated on 2020-08-14 01:49:00 CEST.

Flavor Version Tinstall Tcheck Ttotal Status Flags
r-devel-linux-x86_64-debian-clang 0.6.8 137.49 148.61 286.10 NOTE
r-devel-linux-x86_64-debian-gcc 0.6.8 98.49 94.28 192.77 NOTE
r-devel-linux-x86_64-fedora-clang 0.6.8 352.19 NOTE
r-devel-linux-x86_64-fedora-gcc 0.6.8 329.30 NOTE
r-devel-windows-ix86+x86_64 0.6.8 388.00 177.00 565.00 NOTE
r-patched-linux-x86_64 0.6.8 101.22 122.14 223.36 NOTE
r-patched-solaris-x86 0.6.8 334.40 NOTE
r-release-linux-x86_64 0.6.8 100.65 122.99 223.64 NOTE
r-release-macos-x86_64 0.6.8 NOTE
r-release-windows-ix86+x86_64 0.6.8 326.00 200.00 526.00 NOTE
r-oldrel-macos-x86_64 0.6.8 NOTE
r-oldrel-windows-ix86+x86_64 0.6.8 325.00 159.00 484.00 NOTE

Check Details

Version: 0.6.8
Check: package dependencies
Result: NOTE
    Package suggested but not available for checking: 'tidyr'
Flavor: r-devel-linux-x86_64-debian-clang

Version: 0.6.8
Check: for GNU extensions in Makefiles
Result: NOTE
    GNU make is a SystemRequirements.
Flavors: r-devel-linux-x86_64-debian-clang, r-devel-linux-x86_64-debian-gcc, r-devel-linux-x86_64-fedora-clang, r-devel-linux-x86_64-fedora-gcc, r-devel-windows-ix86+x86_64, r-patched-linux-x86_64, r-patched-solaris-x86, r-release-linux-x86_64, r-release-macos-x86_64, r-release-windows-ix86+x86_64, r-oldrel-macos-x86_64, r-oldrel-windows-ix86+x86_64

Version: 0.6.8
Check: installed package size
Result: NOTE
     installed size is 6.3Mb
     sub-directories of 1Mb or more:
     libs 5.1Mb
Flavor: r-devel-linux-x86_64-fedora-clang