CRAN Package Check Results for Package detrendr

Last updated on 2020-01-20 01:50:19 CET.

Flavor Version Tinstall Tcheck Ttotal Status Flags
r-devel-linux-x86_64-debian-clang 0.6.4 127.93 275.13 403.06 NOTE
r-devel-linux-x86_64-debian-gcc 0.6.4 80.02 187.47 267.49 NOTE
r-devel-linux-x86_64-fedora-clang 0.6.4 452.45 NOTE
r-devel-linux-x86_64-fedora-gcc 0.6.4 479.48 NOTE
r-devel-windows-ix86+x86_64 0.6.4 370.00 783.00 1153.00 NOTE
r-devel-windows-ix86+x86_64-gcc8 0.6.4 290.00 835.00 1125.00 WARN
r-patched-linux-x86_64 0.6.4 90.41 235.85 326.26 NOTE
r-patched-solaris-x86 0.6.4 885.70 NOTE
r-release-linux-x86_64 0.6.4 91.54 237.48 329.02 NOTE
r-release-windows-ix86+x86_64 0.6.4 337.00 700.00 1037.00 NOTE
r-release-osx-x86_64 0.6.4 NOTE
r-oldrel-windows-ix86+x86_64 0.6.4 223.00 227.00 450.00 NOTE
r-oldrel-osx-x86_64 0.6.4 NOTE

Check Details

Version: 0.6.4
Check: for GNU extensions in Makefiles
Result: NOTE
    GNU make is a SystemRequirements.
Flavors: r-devel-linux-x86_64-debian-clang, r-devel-linux-x86_64-debian-gcc, r-devel-linux-x86_64-fedora-clang, r-devel-linux-x86_64-fedora-gcc, r-devel-windows-ix86+x86_64, r-devel-windows-ix86+x86_64-gcc8, r-patched-linux-x86_64, r-patched-solaris-x86, r-release-linux-x86_64, r-release-windows-ix86+x86_64, r-release-osx-x86_64, r-oldrel-windows-ix86+x86_64, r-oldrel-osx-x86_64

Version: 0.6.4
Check: installed package size
Result: NOTE
     installed size is 5.1Mb
     sub-directories of 1Mb or more:
     libs 3.9Mb
Flavor: r-devel-linux-x86_64-fedora-clang

Version: 0.6.4
Check: re-building of vignette outputs
Result: WARN
    Error(s) in re-building vignettes:
    --- re-building 'batch-mode.Rmd' using rmarkdown
    --- finished re-building 'batch-mode.Rmd'
    
    --- re-building 'linescan-data.Rmd' using rmarkdown
    --- finished re-building 'linescan-data.Rmd'
    
    --- re-building 'single-images.Rmd' using rmarkdown
    trying URL 'http://cran.rstudio.com/bin/windows/contrib/4.0/colorspace_1.4-1.zip'
    Content type 'application/zip' length 2545483 bytes (2.4 MB)
    ==================================================
    downloaded 2.4 MB
    
    trying URL 'http://cran.rstudio.com/bin/windows/contrib/4.0/farver_2.0.1.zip'
    Content type 'application/zip' length 1899269 bytes (1.8 MB)
    ==================================================
    downloaded 1.8 MB
    
    trying URL 'http://cran.rstudio.com/bin/windows/contrib/4.0/labeling_0.3.zip'
    Content type 'application/zip' length 62276 bytes (60 KB)
    ==================================================
    downloaded 60 KB
    
    trying URL 'http://cran.rstudio.com/bin/windows/contrib/4.0/munsell_0.5.0.zip'
    Content type 'application/zip' length 244848 bytes (239 KB)
    ==================================================
    downloaded 239 KB
    
    trying URL 'http://cran.rstudio.com/bin/windows/contrib/4.0/RColorBrewer_1.1-2.zip'
    Content type 'application/zip' length 55606 bytes (54 KB)
    ==================================================
    downloaded 54 KB
    
    trying URL 'http://cran.rstudio.com/bin/windows/contrib/4.0/reshape2_1.4.3.zip'
    Content type 'application/zip' length 626378 bytes (611 KB)
    ==================================================
    downloaded 611 KB
    
    trying URL 'http://cran.rstudio.com/bin/windows/contrib/4.0/scales_1.1.0.zip'
    Content type 'application/zip' length 552185 bytes (539 KB)
    ==================================================
    downloaded 539 KB
    
    trying URL 'http://cran.rstudio.com/bin/windows/contrib/4.0/viridisLite_0.3.0.zip'
    Content type 'application/zip' length 60494 bytes (59 KB)
    ==================================================
    downloaded 59 KB
    
    trying URL 'http://cran.rstudio.com/bin/windows/contrib/4.0/ggplot2_3.2.1.zip'
    Content type 'application/zip' length 3967024 bytes (3.8 MB)
    ===============================================
    downloaded 3.6 MB
    
    Quitting from lines 15-19 (single-images.Rmd)
    Error: processing vignette 'single-images.Rmd' failed with diagnostics:
    cannot open the connection
    --- failed re-building 'single-images.Rmd'
    
    SUMMARY: processing the following file failed:
     'single-images.Rmd'
    
    Error: Vignette re-building failed.
    Execution halted
Flavor: r-devel-windows-ix86+x86_64-gcc8