Last updated on 2023-12-04 07:50:52 CET.
Flavor | Version | Tinstall | Tcheck | Ttotal | Status | Flags |
---|---|---|---|---|---|---|
r-devel-linux-x86_64-debian-clang | 2.1.7 | 43.77 | 100.64 | 144.41 | NOTE | |
r-devel-linux-x86_64-debian-gcc | 2.1.7 | 25.09 | 74.23 | 99.32 | NOTE | |
r-devel-linux-x86_64-fedora-clang | 2.1.7 | 183.88 | OK | |||
r-devel-linux-x86_64-fedora-gcc | 2.1.7 | 160.36 | OK | |||
r-devel-windows-x86_64 | 2.1.7 | 30.00 | 104.00 | 134.00 | OK | |
r-patched-linux-x86_64 | 2.1.7 | 29.16 | 97.08 | 126.24 | OK | |
r-release-linux-x86_64 | 2.1.7 | 29.61 | 97.40 | 127.01 | OK | |
r-release-macos-arm64 | 2.1.7 | 58.00 | OK | |||
r-release-macos-x86_64 | 2.1.7 | 125.00 | OK | |||
r-release-windows-x86_64 | 2.1.7 | 30.00 | 120.00 | 150.00 | OK | |
r-oldrel-macos-arm64 | 2.1.7 | 67.00 | OK | |||
r-oldrel-macos-x86_64 | 2.1.7 | 78.00 | OK | |||
r-oldrel-windows-x86_64 | 2.1.7 | 37.00 | 121.00 | 158.00 | OK |
Version: 2.1.7
Check: Rd files
Result: NOTE
checkRd: (-1) AIC.dglars.Rd:47: Lost braces
47 | \item{comp}{the measures of model complexity used to compute the measure of goodness-of-fit. It is equal to \code{npar} when code{complexity = "df"};}
| ^
checkRd: (-1) dglars.Rd:258: Lost braces
258 | \item{\code{7}}{maximum number of solution points ('code{np}') reached.}
| ^
Flavors: r-devel-linux-x86_64-debian-clang, r-devel-linux-x86_64-debian-gcc