CRAN Package Check Results for Package did

Last updated on 2021-07-27 01:50:40 CEST.

Flavor Version Tinstall Tcheck Ttotal Status Flags
r-devel-linux-x86_64-debian-clang 2.0.0 8.70 188.28 196.98 OK
r-devel-linux-x86_64-debian-gcc 2.0.0 7.56 139.52 147.08 OK
r-devel-linux-x86_64-fedora-clang 2.0.0 248.16 NOTE
r-devel-linux-x86_64-fedora-gcc 2.0.0 242.53 NOTE
r-devel-windows-x86_64 2.0.0 14.00 240.00 254.00 OK
r-devel-windows-x86_64-gcc10-UCRT 2.0.0 NOTE
r-patched-linux-x86_64 2.0.0 10.27 178.86 189.13 OK
r-patched-solaris-x86 2.0.0 391.70 NOTE
r-release-linux-x86_64 2.0.0 7.92 178.45 186.37 OK
r-release-macos-arm64 2.0.0 WARN
r-release-macos-x86_64 2.0.0 NOTE
r-release-windows-ix86+x86_64 2.0.0 20.00 177.00 197.00 OK
r-oldrel-macos-x86_64 2.0.0 NOTE
r-oldrel-windows-ix86+x86_64 2.0.0 22.00 249.00 271.00 OK

Check Details

Version: 2.0.0
Check: dependencies in R code
Result: NOTE
    Namespace in Imports field not imported from: ‘knitr’
     All declared Imports should be used.
Flavors: r-devel-linux-x86_64-fedora-clang, r-devel-linux-x86_64-fedora-gcc, r-devel-windows-x86_64-gcc10-UCRT, r-patched-solaris-x86, r-release-macos-arm64, r-release-macos-x86_64, r-oldrel-macos-x86_64

Version: 2.0.0
Check: re-building of vignette outputs
Result: WARN
    Error(s) in re-building vignettes:
    --- re-building ‘did-basics.Rmd’ using rmarkdown
    Warning in engine$weave(file, quiet = quiet, encoding = enc) :
     Pandoc (>= 1.12.3) not available. Falling back to R Markdown v1.
    Quitting from lines 129-131 (did-basics.Rmd)
    Error: processing vignette 'did-basics.Rmd' failed with diagnostics:
    polygon edge not found
    --- failed re-building ‘did-basics.Rmd’
    
    --- re-building ‘extensions.Rmd’ using rmarkdown
    Warning in engine$weave(file, quiet = quiet, encoding = enc) :
     Pandoc (>= 1.12.3) not available. Falling back to R Markdown v1.
    Quitting from lines 97-119 (extensions.Rmd)
    Error: processing vignette 'extensions.Rmd' failed with diagnostics:
    polygon edge not found
    --- failed re-building ‘extensions.Rmd’
    
    --- re-building ‘multi-period-did.Rmd’ using rmarkdown
    Warning in engine$weave(file, quiet = quiet, encoding = enc) :
     Pandoc (>= 1.12.3) not available. Falling back to R Markdown v1.
    --- finished re-building ‘multi-period-did.Rmd’
    
    --- re-building ‘pre-testing.Rmd’ using rmarkdown
    Warning in engine$weave(file, quiet = quiet, encoding = enc) :
     Pandoc (>= 1.12.3) not available. Falling back to R Markdown v1.
    Quitting from lines 94-150 (pre-testing.Rmd)
    Error: processing vignette 'pre-testing.Rmd' failed with diagnostics:
    polygon edge not found
    --- failed re-building ‘pre-testing.Rmd’
    
    SUMMARY: processing the following files failed:
     ‘did-basics.Rmd’ ‘extensions.Rmd’ ‘pre-testing.Rmd’
    
    Error: Vignette re-building failed.
    Execution halted
Flavor: r-release-macos-arm64