CRAN Package Check Results for Package difR

Last updated on 2020-04-09 01:53:09 CEST.

Flavor Version Tinstall Tcheck Ttotal Status Flags
r-devel-linux-x86_64-debian-clang 5.0 17.37 114.48 131.85 WARN
r-devel-linux-x86_64-debian-gcc 5.0 14.72 87.73 102.45 WARN
r-devel-linux-x86_64-fedora-clang 5.0 171.81 WARN
r-devel-linux-x86_64-fedora-gcc 5.0 166.80 WARN
r-devel-windows-ix86+x86_64 5.0 32.00 188.00 220.00 OK
r-devel-windows-ix86+x86_64-gcc8 5.0 30.00 127.00 157.00 OK
r-patched-linux-x86_64 5.0 19.44 112.01 131.45 WARN
r-patched-solaris-x86 5.0 227.00 WARN
r-release-linux-x86_64 5.0 16.02 101.79 117.81 OK
r-release-windows-ix86+x86_64 5.0 29.00 174.00 203.00 OK
r-release-osx-x86_64 5.0 OK
r-oldrel-windows-ix86+x86_64 5.0 30.00 151.00 181.00 OK
r-oldrel-osx-x86_64 5.0 OK

Check Details

Version: 5.0
Check: whether package can be installed
Result: WARN
    Found the following significant warnings:
     Note: possible error in 'glmer(y ~ items + (1 | ': unused argument (REML = FALSE)
    See '/home/hornik/tmp/R.check/r-devel-clang/Work/PKGS/difR.Rcheck/00install.out' for details.
    Information on the location(s) of code generating the 'Note's can be
    obtained by re-running with environment variable R_KEEP_PKG_SOURCE set
    to 'yes'.
Flavor: r-devel-linux-x86_64-debian-clang

Version: 5.0
Check: R code for possible problems
Result: NOTE
    LRT: possible error in glmer(y ~ items + (1 | pp) - 1 + member, family
     = binomial, REML = FALSE): unused argument (REML = FALSE)
    LRT: possible error in glmer(y ~ items + (1 | pp) - 1 + member +
     member:X, family = binomial, REML = FALSE): unused argument (REML =
     FALSE)
    itemPar1PL: possible error in glmer(y ~ items + (1 | pp) - 1, family =
     binomial, REML = FALSE): unused argument (REML = FALSE)
Flavors: r-devel-linux-x86_64-debian-clang, r-devel-linux-x86_64-debian-gcc, r-devel-linux-x86_64-fedora-clang, r-devel-linux-x86_64-fedora-gcc, r-patched-linux-x86_64, r-patched-solaris-x86

Version: 5.0
Check: whether package can be installed
Result: WARN
    Found the following significant warnings:
     Note: possible error in 'glmer(y ~ items + (1 | ': unused argument (REML = FALSE)
    See ‘/home/hornik/tmp/R.check/r-devel-gcc/Work/PKGS/difR.Rcheck/00install.out’ for details.
    Information on the location(s) of code generating the ‘Note’s can be
    obtained by re-running with environment variable R_KEEP_PKG_SOURCE set
    to ‘yes’.
Flavor: r-devel-linux-x86_64-debian-gcc

Version: 5.0
Check: whether package can be installed
Result: WARN
    Found the following significant warnings:
     Note: possible error in 'glmer(y ~ items + (1 | ': unused argument (REML = FALSE)
    See ‘/data/gannet/ripley/R/packages/tests-clang/difR.Rcheck/00install.out’ for details.
    Information on the location(s) of code generating the ‘Note’s can be
    obtained by re-running with environment variable R_KEEP_PKG_SOURCE set
    to ‘yes’.
Flavor: r-devel-linux-x86_64-fedora-clang

Version: 5.0
Check: whether package can be installed
Result: WARN
    Found the following significant warnings:
     Note: possible error in 'glmer(y ~ items + (1 | ': unused argument (REML = FALSE)
    See ‘/data/gannet/ripley/R/packages/tests-devel/difR.Rcheck/00install.out’ for details.
    Information on the location(s) of code generating the ‘Note’s can be
    obtained by re-running with environment variable R_KEEP_PKG_SOURCE set
    to ‘yes’.
Flavor: r-devel-linux-x86_64-fedora-gcc

Version: 5.0
Check: whether package can be installed
Result: WARN
    Found the following significant warnings:
     Note: possible error in 'glmer(y ~ items + (1 | ': unused argument (REML = FALSE)
    See ‘/home/hornik/tmp/R.check/r-patched-gcc/Work/PKGS/difR.Rcheck/00install.out’ for details.
    Information on the location(s) of code generating the ‘Note’s can be
    obtained by re-running with environment variable R_KEEP_PKG_SOURCE set
    to ‘yes’.
Flavor: r-patched-linux-x86_64

Version: 5.0
Check: whether package can be installed
Result: WARN
    Found the following significant warnings:
     Note: possible error in 'glmer(y ~ items + (1 | ': unused argument (REML = FALSE)
    See ‘/home/ripley/R/packages/tests-devel/difR.Rcheck/00install.out’ for details.
    Information on the location(s) of code generating the ‘Note’s can be
    obtained by re-running with environment variable R_KEEP_PKG_SOURCE set
    to ‘yes’.
Flavor: r-patched-solaris-x86